[INFO] fetching crate sc-finality-grandpa 0.8.0-rc6...
[INFO] checking sc-finality-grandpa-0.8.0-rc6 against try#72f88fc4e9458f89516a0b8b0868f3718aec5b47 for pr-74989
[INFO] extracting crate sc-finality-grandpa 0.8.0-rc6 into /workspace/builds/worker-3/source
[INFO] validating manifest of crates.io crate sc-finality-grandpa 0.8.0-rc6 on toolchain 72f88fc4e9458f89516a0b8b0868f3718aec5b47
[INFO] running `Command { std: "/workspace/cargo-home/bin/cargo" "+72f88fc4e9458f89516a0b8b0868f3718aec5b47" "read-manifest" "--manifest-path" "Cargo.toml", kill_on_drop: false }`
[INFO] started tweaking crates.io crate sc-finality-grandpa 0.8.0-rc6
[INFO] finished tweaking crates.io crate sc-finality-grandpa 0.8.0-rc6
[INFO] tweaked toml for crates.io crate sc-finality-grandpa 0.8.0-rc6 written to /workspace/builds/worker-3/source/Cargo.toml
[INFO] running `Command { std: "/workspace/cargo-home/bin/cargo" "+72f88fc4e9458f89516a0b8b0868f3718aec5b47" "generate-lockfile" "--manifest-path" "Cargo.toml" "-Zno-index-update", kill_on_drop: false }`
[INFO] running `Command { std: "/workspace/cargo-home/bin/cargo" "+72f88fc4e9458f89516a0b8b0868f3718aec5b47" "fetch" "--locked" "--manifest-path" "Cargo.toml", kill_on_drop: false }`
[INFO] running `Command { std: "docker" "create" "-v" "/var/lib/crater-agent-workspace/builds/worker-3/target:/opt/rustwide/target:rw,Z" "-v" "/var/lib/crater-agent-workspace/builds/worker-3/source:/opt/rustwide/workdir:ro,Z" "-v" "/var/lib/crater-agent-workspace/cargo-home:/opt/rustwide/cargo-home:ro,Z" "-v" "/var/lib/crater-agent-workspace/rustup-home:/opt/rustwide/rustup-home:ro,Z" "-e" "SOURCE_DIR=/opt/rustwide/workdir" "-e" "CARGO_TARGET_DIR=/opt/rustwide/target" "-e" "CARGO_HOME=/opt/rustwide/cargo-home" "-e" "RUSTUP_HOME=/opt/rustwide/rustup-home" "-w" "/opt/rustwide/workdir" "-m" "1610612736" "--user" "0:0" "--network" "none" "rustops/crates-build-env@sha256:d92eaeed33fa75130ca1ee6c8a01d1ffb62bac859dfdfb3450e3e5d1c0146529" "/opt/rustwide/cargo-home/bin/cargo" "+72f88fc4e9458f89516a0b8b0868f3718aec5b47" "metadata" "--no-deps" "--format-version=1", kill_on_drop: false }`
[INFO] [stdout] cbfa3faea87bcb40f30aa4624a1ca2445bde5a26c121ffe74c21e8780183de12
[INFO] [stderr] WARNING: Your kernel does not support swap limit capabilities or the cgroup is not mounted. Memory limited without swap.
[INFO] running `Command { std: "docker" "start" "-a" "cbfa3faea87bcb40f30aa4624a1ca2445bde5a26c121ffe74c21e8780183de12", kill_on_drop: false }`
[INFO] running `Command { std: "docker" "inspect" "cbfa3faea87bcb40f30aa4624a1ca2445bde5a26c121ffe74c21e8780183de12", kill_on_drop: false }`
[INFO] running `Command { std: "docker" "rm" "-f" "cbfa3faea87bcb40f30aa4624a1ca2445bde5a26c121ffe74c21e8780183de12", kill_on_drop: false }`
[INFO] [stdout] cbfa3faea87bcb40f30aa4624a1ca2445bde5a26c121ffe74c21e8780183de12
[INFO] running `Command { std: "docker" "create" "-v" "/var/lib/crater-agent-workspace/builds/worker-3/target:/opt/rustwide/target:rw,Z" "-v" "/var/lib/crater-agent-workspace/builds/worker-3/source:/opt/rustwide/workdir:ro,Z" "-v" "/var/lib/crater-agent-workspace/cargo-home:/opt/rustwide/cargo-home:ro,Z" "-v" "/var/lib/crater-agent-workspace/rustup-home:/opt/rustwide/rustup-home:ro,Z" "-e" "SOURCE_DIR=/opt/rustwide/workdir" "-e" "CARGO_TARGET_DIR=/opt/rustwide/target" "-e" "CARGO_INCREMENTAL=0" "-e" "RUST_BACKTRACE=full" "-e" "RUSTFLAGS=--cap-lints=forbid" "-e" "CARGO_HOME=/opt/rustwide/cargo-home" "-e" "RUSTUP_HOME=/opt/rustwide/rustup-home" "-w" "/opt/rustwide/workdir" "-m" "1610612736" "--user" "0:0" "--network" "none" "rustops/crates-build-env@sha256:d92eaeed33fa75130ca1ee6c8a01d1ffb62bac859dfdfb3450e3e5d1c0146529" "/opt/rustwide/cargo-home/bin/cargo" "+72f88fc4e9458f89516a0b8b0868f3718aec5b47" "check" "--frozen" "--all" "--all-targets" "--message-format=json", kill_on_drop: false }`
[INFO] [stdout] 402d2c764422f2e72bf83e48990e3dde57e14be1c83420b3b4d06d4d4a17be26
[INFO] [stderr] WARNING: Your kernel does not support swap limit capabilities or the cgroup is not mounted. Memory limited without swap.
[INFO] running `Command { std: "docker" "start" "-a" "402d2c764422f2e72bf83e48990e3dde57e14be1c83420b3b4d06d4d4a17be26", kill_on_drop: false }`
[INFO] [stderr]     Checking nohash-hasher v0.2.0
[INFO] [stderr]    Compiling bitflags v1.2.1
[INFO] [stderr]     Checking blake2s_simd v0.5.10
[INFO] [stderr]     Checking blake2b_simd v0.5.10
[INFO] [stderr]     Checking linked_hash_set v0.1.4
[INFO] [stderr]     Checking net2 v0.2.35
[INFO] [stderr]     Checking dns-parser v0.8.0
[INFO] [stderr]     Checking uint v0.8.5
[INFO] [stderr]    Compiling snow v0.7.1
[INFO] [stderr]     Checking universal-hash v0.4.0
[INFO] [stderr]     Checking block-cipher v0.7.1
[INFO] [stderr]     Checking stream-cipher v0.4.1
[INFO] [stderr]     Checking aead v0.3.2
[INFO] [stderr]     Checking crypto-mac v0.8.0
[INFO] [stderr]    Compiling slog_derive v0.2.0
[INFO] [stderr]     Checking sha2 v0.9.1
[INFO] [stderr]     Checking futures-util v0.3.5
[INFO] [stderr]     Checking aes-soft v0.4.0
[INFO] [stderr]     Checking curve25519-dalek v2.1.0
[INFO] [stderr]     Checking chacha20 v0.4.3
[INFO] [stderr]     Checking polyval v0.4.0
[INFO] [stderr]     Checking poly1305 v0.6.0
[INFO] [stderr]     Checking blake2 v0.9.0
[INFO] [stderr]    Compiling libp2p-noise v0.22.0
[INFO] [stderr]    Compiling libp2p-kad v0.21.0
[INFO] [stderr]    Compiling libp2p-identify v0.20.0
[INFO] [stderr]    Compiling sc-network v0.8.0-rc6
[INFO] [stderr]     Checking parity-scale-codec v1.3.5
[INFO] [stderr]     Checking chacha20poly1305 v0.5.1
[INFO] [stderr]     Checking ghash v0.3.0
[INFO] [stderr]     Checking ed25519-dalek v1.0.0
[INFO] [stderr]     Checking aes v0.4.0
[INFO] [stderr]     Checking aes-gcm v0.6.0
[INFO] [stderr]     Checking multihash v0.11.4
[INFO] [stderr]     Checking schnorrkel v0.9.1
[INFO] [stderr]     Checking x25519-dalek v0.6.0
[INFO] [stderr]     Checking substrate-bip39 v0.4.2
[INFO] [stderr]     Checking futures-executor v0.3.5
[INFO] [stderr]     Checking h2 v0.2.6
[INFO] [stderr]     Checking futures v0.3.5
[INFO] [stderr]     Checking impl-codec v0.4.2
[INFO] [stderr]     Checking sp-storage v2.0.0-rc6
[INFO] [stderr]     Checking sp-wasm-interface v2.0.0-rc6
[INFO] [stderr]     Checking sp-arithmetic v2.0.0-rc6
[INFO] [stderr]     Checking fork-tree v2.0.0-rc6
[INFO] [stderr]     Checking futures_codec v0.4.1
[INFO] [stderr]     Checking rw-stream-sink v0.2.1
[INFO] [stderr]     Checking wasm-timer v0.2.5
[INFO] [stderr]     Checking async-tls v0.8.0
[INFO] [stderr]     Checking yamux v0.4.9
[INFO] [stderr]     Checking soketto v0.4.2
[INFO] [stderr]     Checking sp-utils v2.0.0-rc6
[INFO] [stderr]     Checking finality-grandpa v0.12.3
[INFO] [stderr]     Checking primitive-types v0.7.2
[INFO] [stderr]     Checking unsigned-varint v0.4.0
[INFO] [stderr]     Checking sp-externalities v0.8.0-rc6
[INFO] [stderr]     Checking parity-multiaddr v0.9.2
[INFO] [stderr]     Checking multistream-select v0.8.2
[INFO] [stderr]     Checking libp2p-core v0.20.1
[INFO] [stderr]     Checking parity-util-mem v0.7.0
[INFO] [stderr]     Checking sp-runtime-interface v2.0.0-rc6
[INFO] [stderr]     Checking memory-db v0.24.1
[INFO] [stderr]     Checking kvdb v0.7.0
[INFO] [stderr]     Checking sp-database v2.0.0-rc6
[INFO] [stderr]     Checking sp-core v2.0.0-rc6
[INFO] [stderr]     Checking libp2p-swarm v0.20.1
[INFO] [stderr]     Checking libp2p-yamux v0.20.0
[INFO] [stderr]     Checking libp2p-dns v0.20.0
[INFO] [stderr]     Checking libp2p-websocket v0.21.1
[INFO] [stderr]     Checking libp2p-wasm-ext v0.20.1
[INFO] [stderr]     Checking libp2p-tcp v0.20.0
[INFO] [stderr]     Checking libp2p-mplex v0.20.0
[INFO] [stderr]     Checking hyper v0.13.7
[INFO] [stderr]     Checking libp2p-mdns v0.20.0
[INFO] [stderr]     Checking libp2p-ping v0.20.0
[INFO] [stderr]     Checking sp-trie v2.0.0-rc6
[INFO] [stderr]     Checking sp-inherents v2.0.0-rc6
[INFO] [stderr]     Checking sp-allocator v2.0.0-rc6
[INFO] [stderr]     Checking sp-finality-tracker v2.0.0-rc6
[INFO] [stderr]     Checking sc-executor-common v0.8.0-rc6
[INFO] [stderr]     Checking sp-state-machine v0.8.0-rc6
[INFO] [stderr]     Checking sc-executor-wasmi v0.8.0-rc6
[INFO] [stderr]     Checking libp2p v0.23.0
[INFO] [stderr]     Checking sc-telemetry v2.0.0-rc6
[INFO] [stderr]     Checking sc-peerset v2.0.0-rc6
[INFO] [stderr]     Checking sp-io v2.0.0-rc6
[INFO] [stderr]     Checking substrate-prometheus-endpoint v0.8.0-rc6
[INFO] [stderr]     Checking sp-application-crypto v2.0.0-rc6
[INFO] [stderr]     Checking sp-runtime v2.0.0-rc6
[INFO] [stderr]     Checking sc-keystore v2.0.0-rc6
[INFO] [stderr]     Checking sp-version v2.0.0-rc6
[INFO] [stderr]     Checking sp-keyring v2.0.0-rc6
[INFO] [stderr]     Checking sp-api v2.0.0-rc6
[INFO] [stderr]     Checking sp-consensus v0.8.0-rc6
[INFO] [stderr]     Checking sp-block-builder v2.0.0-rc6
[INFO] [stderr]     Checking sc-executor v0.8.0-rc6
[INFO] [stderr]     Checking sp-finality-grandpa v2.0.0-rc6
[INFO] [stderr]     Checking sp-blockchain v2.0.0-rc6
[INFO] [stderr]     Checking sp-transaction-pool v2.0.0-rc6
[INFO] [stderr]     Checking sc-client-api v2.0.0-rc6
[INFO] [stderr]     Checking sc-block-builder v0.8.0-rc6
[INFO] [stderr]     Checking sc-consensus v0.8.0-rc6
[INFO] [stderr]     Checking sc-network-gossip v0.8.0-rc6
[INFO] [stderr]     Checking sc-finality-grandpa v0.8.0-rc6 (/opt/rustwide/workdir)
[INFO] [stdout] error[E0432]: unresolved import `substrate_test_runtime_client`
[INFO] [stdout]    --> src/aux_schema.rs:447:6
[INFO] [stdout]     |
[INFO] [stdout] 447 |     use substrate_test_runtime_client;
[INFO] [stdout]     |         ^^^^^^^^^^^^^^^^^^^^^^^^^^^^^ no `substrate_test_runtime_client` external crate
[INFO] [stdout] 
[INFO] [stdout] 
[INFO] [stdout] error[E0432]: unresolved import `sc_network_test`
[INFO] [stdout]     --> src/communication/gossip.rs:1624:6
[INFO] [stdout]      |
[INFO] [stdout] 1624 |     use sc_network_test::Block;
[INFO] [stdout]      |         ^^^^^^^^^^^^^^^ use of undeclared type or module `sc_network_test`
[INFO] [stdout] 
[INFO] [stdout] 
[INFO] [stdout] error[E0432]: unresolved import `sc_network_test`
[INFO] [stdout]   --> src/communication/tests.rs:22:5
[INFO] [stdout]    |
[INFO] [stdout] 22 | use sc_network_test::{Block, Hash};
[INFO] [stdout]    |     ^^^^^^^^^^^^^^^ use of undeclared type or module `sc_network_test`
[INFO] [stdout] 
[INFO] [stdout] 
[INFO] [stdout] error[E0433]: failed to resolve: use of undeclared type or module `substrate_test_runtime_client`
[INFO] [stdout]    --> src/finality_proof.rs:597:6
[INFO] [stdout]     |
[INFO] [stdout] 597 |     use substrate_test_runtime_client::runtime::{Block, Header, H256};
[INFO] [stdout]     |         ^^^^^^^^^^^^^^^^^^^^^^^^^^^^^ use of undeclared type or module `substrate_test_runtime_client`
[INFO] [stdout] 
[INFO] [stdout] 
[INFO] [stdout] error[E0433]: failed to resolve: use of undeclared type or module `substrate_test_runtime_client`
[INFO] [stdout]    --> src/light_import.rs:577:6
[INFO] [stdout]     |
[INFO] [stdout] 577 |     use substrate_test_runtime_client::runtime::{Block, Header};
[INFO] [stdout]     |         ^^^^^^^^^^^^^^^^^^^^^^^^^^^^^ use of undeclared type or module `substrate_test_runtime_client`
[INFO] [stdout] 
[INFO] [stdout] 
[INFO] [stdout] error[E0432]: unresolved import `sp_keyring`
[INFO] [stdout]   --> src/communication/tests.rs:25:5
[INFO] [stdout]    |
[INFO] [stdout] 25 | use sp_keyring::Ed25519Keyring;
[INFO] [stdout]    |     ^^^^^^^^^^ use of undeclared type or module `sp_keyring`
[INFO] [stdout] 
[INFO] [stdout] 
[INFO] [stdout] error[E0432]: unresolved import `assert_matches`
[INFO] [stdout]    --> src/observer.rs:394:6
[INFO] [stdout]     |
[INFO] [stdout] 394 |     use assert_matches::assert_matches;
[INFO] [stdout]     |         ^^^^^^^^^^^^^^ use of undeclared type or module `assert_matches`
[INFO] [stdout] 
[INFO] [stdout] 
[INFO] [stdout] error[E0433]: failed to resolve: use of undeclared type or module `substrate_test_runtime_client`
[INFO] [stdout]    --> src/until_imported.rs:549:6
[INFO] [stdout]     |
[INFO] [stdout] 549 |     use substrate_test_runtime_client::runtime::{Block, Hash, Header};
[INFO] [stdout]     |         ^^^^^^^^^^^^^^^^^^^^^^^^^^^^^ use of undeclared type or module `substrate_test_runtime_client`
[INFO] [stdout] 
[INFO] [stdout] 
[INFO] [stdout] error[E0432]: unresolved import `substrate_test_runtime_client`
[INFO] [stdout]    --> src/observer.rs:397:6
[INFO] [stdout]     |
[INFO] [stdout] 397 |     use substrate_test_runtime_client::{TestClientBuilder, TestClientBuilderExt};
[INFO] [stdout]     |         ^^^^^^^^^^^^^^^^^^^^^^^^^^^^^ use of undeclared type or module `substrate_test_runtime_client`
[INFO] [stdout] 
[INFO] [stdout] 
[INFO] [stdout] error[E0432]: unresolved import `assert_matches`
[INFO] [stdout]   --> src/tests.rs:22:5
[INFO] [stdout]    |
[INFO] [stdout] 22 | use assert_matches::assert_matches;
[INFO] [stdout]    |     ^^^^^^^^^^^^^^ use of undeclared type or module `assert_matches`
[INFO] [stdout] 
[INFO] [stdout] 
[INFO] [stdout] error[E0433]: failed to resolve: use of undeclared type or module `tokio`
[INFO] [stdout]   --> src/tests.rs:31:5
[INFO] [stdout]    |
[INFO] [stdout] 31 | use tokio::runtime::{Runtime, Handle};
[INFO] [stdout]    |     ^^^^^ use of undeclared type or module `tokio`
[INFO] [stdout] 
[INFO] [stdout] 
[INFO] [stdout] error[E0432]: unresolved import `sc_network_test`
[INFO] [stdout]   --> src/tests.rs:24:5
[INFO] [stdout]    |
[INFO] [stdout] 24 | use sc_network_test::{
[INFO] [stdout]    |     ^^^^^^^^^^^^^^^ use of undeclared type or module `sc_network_test`
[INFO] [stdout] 
[INFO] [stdout] 
[INFO] [stdout] error[E0433]: failed to resolve: use of undeclared type or module `substrate_test_runtime_client`
[INFO] [stdout]   --> src/tests.rs:36:5
[INFO] [stdout]    |
[INFO] [stdout] 36 | use substrate_test_runtime_client::runtime::BlockNumber;
[INFO] [stdout]    |     ^^^^^^^^^^^^^^^^^^^^^^^^^^^^^ use of undeclared type or module `substrate_test_runtime_client`
[INFO] [stdout] 
[INFO] [stdout] 
[INFO] [stdout] error[E0432]: unresolved import `sp_keyring`
[INFO] [stdout]   --> src/tests.rs:32:5
[INFO] [stdout]    |
[INFO] [stdout] 32 | use sp_keyring::Ed25519Keyring;
[INFO] [stdout]    |     ^^^^^^^^^^ use of undeclared type or module `sp_keyring`
[INFO] [stdout] 
[INFO] [stdout] 
[INFO] [stdout] error[E0432]: unresolved import `sp_state_machine`
[INFO] [stdout]   --> src/tests.rs:47:5
[INFO] [stdout]    |
[INFO] [stdout] 47 | use sp_state_machine::{InMemoryBackend, prove_read, read_proof_check};
[INFO] [stdout]    |     ^^^^^^^^^^^^^^^^ use of undeclared type or module `sp_state_machine`
[INFO] [stdout] 
[INFO] [stdout] 
[INFO] [stdout] error: cannot determine resolution for the macro `assert_matches`
[INFO] [stdout]    --> src/observer.rs:460:4
[INFO] [stdout]     |
[INFO] [stdout] 460 |             assert_matches!(tester.events.next().now_or_never(), Some(Some(Event::Report(_, _))));
[INFO] [stdout]     |             ^^^^^^^^^^^^^^
[INFO] [stdout]     |
[INFO] [stdout]     = note: import resolution is stuck, try simplifying macro imports
[INFO] [stdout] 
[INFO] [stdout] 
[INFO] [stdout] error: cannot determine resolution for the macro `assert_matches`
[INFO] [stdout]     --> src/tests.rs:1720:2
[INFO] [stdout]      |
[INFO] [stdout] 1720 |     assert_matches!(has_voted, HasVoted::Yes(_, _));
[INFO] [stdout]      |     ^^^^^^^^^^^^^^
[INFO] [stdout]      |
[INFO] [stdout]      = note: import resolution is stuck, try simplifying macro imports
[INFO] [stdout] 
[INFO] [stdout] 
[INFO] [stdout] error: cannot determine resolution for the macro `assert_matches`
[INFO] [stdout]     --> src/tests.rs:1729:2
[INFO] [stdout]      |
[INFO] [stdout] 1729 |     assert_matches!(get_current_round(2).unwrap(), HasVoted::Yes(_, _));
[INFO] [stdout]      |     ^^^^^^^^^^^^^^
[INFO] [stdout]      |
[INFO] [stdout]      = note: import resolution is stuck, try simplifying macro imports
[INFO] [stdout] 
[INFO] [stdout] 
[INFO] [stdout] error[E0433]: failed to resolve: use of undeclared type or module `env_logger`
[INFO] [stdout]    --> src/communication/tests.rs:364:10
[INFO] [stdout]     |
[INFO] [stdout] 364 |     let _ = env_logger::try_init();
[INFO] [stdout]     |             ^^^^^^^^^^ use of undeclared type or module `env_logger`
[INFO] [stdout] 
[INFO] [stdout] 
[INFO] [stdout] error[E0433]: failed to resolve: use of undeclared type or module `substrate_test_runtime_client`
[INFO] [stdout]    --> src/light_import.rs:694:3
[INFO] [stdout]     |
[INFO] [stdout] 694 |         substrate_test_runtime_client::client::Client<substrate_test_runtime_client::LightBackend, substrate_test_runtime_client::LightExecutor...
[INFO] [stdout]     |         ^^^^^^^^^^^^^^^^^^^^^^^^^^^^^ use of undeclared type or module `substrate_test_runtime_client`
[INFO] [stdout] 
[INFO] [stdout] 
[INFO] [stdout] error[E0433]: failed to resolve: use of undeclared type or module `substrate_test_runtime_client`
[INFO] [stdout]    --> src/light_import.rs:694:49
[INFO] [stdout]     |
[INFO] [stdout] 694 | ...lient::Client<substrate_test_runtime_client::LightBackend, substrate_test_runtime_client::LightExecutor, Block, substrate_test_runtime...
[INFO] [stdout]     |                        ^^^^^^^^^^^^^^^^^^^^^^^^^^^^^ use of undeclared type or module `substrate_test_runtime_client`
[INFO] [stdout] 
[INFO] [stdout] 
[INFO] [stdout] error[E0433]: failed to resolve: use of undeclared type or module `substrate_test_runtime_client`
[INFO] [stdout]    --> src/light_import.rs:694:94
[INFO] [stdout]     |
[INFO] [stdout] 694 | ...LightBackend, substrate_test_runtime_client::LightExecutor, Block, substrate_test_runtime_client::runtime::RuntimeApi>,
[INFO] [stdout]     |                        ^^^^^^^^^^^^^^^^^^^^^^^^^^^^^ use of undeclared type or module `substrate_test_runtime_client`
[INFO] [stdout] 
[INFO] [stdout] 
[INFO] [stdout] error[E0433]: failed to resolve: use of undeclared type or module `substrate_test_runtime_client`
[INFO] [stdout]    --> src/light_import.rs:694:147
[INFO] [stdout]     |
[INFO] [stdout] 694 | ...cutor, Block, substrate_test_runtime_client::runtime::RuntimeApi>,
[INFO] [stdout]     |                        ^^^^^^^^^^^^^^^^^^^^^^^^^^^^^ use of undeclared type or module `substrate_test_runtime_client`
[INFO] [stdout] 
[INFO] [stdout] 
[INFO] [stdout] error[E0433]: failed to resolve: use of undeclared type or module `substrate_test_runtime_client`
[INFO] [stdout]    --> src/light_import.rs:695:7
[INFO] [stdout]     |
[INFO] [stdout] 695 |         Arc<substrate_test_runtime_client::LightBackend>,
[INFO] [stdout]     |             ^^^^^^^^^^^^^^^^^^^^^^^^^^^^^ use of undeclared type or module `substrate_test_runtime_client`
[INFO] [stdout] 
[INFO] [stdout] 
[INFO] [stdout] error[E0433]: failed to resolve: use of undeclared type or module `substrate_test_runtime_client`
[INFO] [stdout]    --> src/light_import.rs:697:27
[INFO] [stdout]     |
[INFO] [stdout] 697 |         let (client, backend) = substrate_test_runtime_client::new_light();
[INFO] [stdout]     |                                 ^^^^^^^^^^^^^^^^^^^^^^^^^^^^^ use of undeclared type or module `substrate_test_runtime_client`
[INFO] [stdout] 
[INFO] [stdout] 
[INFO] [stdout] error[E0433]: failed to resolve: use of undeclared type or module `sp_keyring`
[INFO] [stdout]    --> src/observer.rs:425:22
[INFO] [stdout]     |
[INFO] [stdout] 425 |         let voters = vec![(sp_keyring::Ed25519Keyring::Alice.public().into(), 1)];
[INFO] [stdout]     |                            ^^^^^^^^^^ use of undeclared type or module `sp_keyring`
[INFO] [stdout] 
[INFO] [stdout] 
[INFO] [stdout] error[E0433]: failed to resolve: use of undeclared type or module `substrate_test_runtime_client`
[INFO] [stdout]   --> src/tests.rs:58:48
[INFO] [stdout]    |
[INFO] [stdout] 58 |     LinkHalf<Block, PeersFullClient, LongestChain<substrate_test_runtime_client::Backend, Block>>;
[INFO] [stdout]    |                                                   ^^^^^^^^^^^^^^^^^^^^^^^^^^^^^ use of undeclared type or module `substrate_test_runtime_client`
[INFO] [stdout] 
[INFO] [stdout] 
[INFO] [stdout] error[E0433]: failed to resolve: use of undeclared type or module `tempfile`
[INFO] [stdout]    --> src/tests.rs:279:71
[INFO] [stdout]     |
[INFO] [stdout] 279 | fn create_keystore(authority: Ed25519Keyring) -> (BareCryptoStorePtr, tempfile::TempDir) {
[INFO] [stdout]     |                                                                       ^^^^^^^^ use of undeclared type or module `tempfile`
[INFO] [stdout] 
[INFO] [stdout] 
[INFO] [stdout] error[E0433]: failed to resolve: use of undeclared type or module `tempfile`
[INFO] [stdout]    --> src/tests.rs:280:22
[INFO] [stdout]     |
[INFO] [stdout] 280 |     let keystore_path = tempfile::tempdir().expect("Creates keystore path");
[INFO] [stdout]     |                         ^^^^^^^^ use of undeclared type or module `tempfile`
[INFO] [stdout] 
[INFO] [stdout] 
[INFO] [stdout] error[E0433]: failed to resolve: use of undeclared type or module `env_logger`
[INFO] [stdout]    --> src/tests.rs:411:10
[INFO] [stdout]     |
[INFO] [stdout] 411 |     let _ = env_logger::try_init();
[INFO] [stdout]     |             ^^^^^^^^^^ use of undeclared type or module `env_logger`
[INFO] [stdout] 
[INFO] [stdout] 
[INFO] [stdout] error[E0433]: failed to resolve: use of undeclared type or module `Runtime`
[INFO] [stdout]    --> src/tests.rs:412:20
[INFO] [stdout]     |
[INFO] [stdout] 412 |     let mut runtime = Runtime::new().unwrap();
[INFO] [stdout]     |                       ^^^^^^^ use of undeclared type or module `Runtime`
[INFO] [stdout] 
[INFO] [stdout] 
[INFO] [stdout] error[E0433]: failed to resolve: use of undeclared type or module `Runtime`
[INFO] [stdout]    --> src/tests.rs:437:20
[INFO] [stdout]     |
[INFO] [stdout] 437 |     let mut runtime = Runtime::new().unwrap();
[INFO] [stdout]     |                       ^^^^^^^ use of undeclared type or module `Runtime`
[INFO] [stdout] 
[INFO] [stdout] 
[INFO] [stdout] error[E0433]: failed to resolve: use of undeclared type or module `env_logger`
[INFO] [stdout]    --> src/tests.rs:516:10
[INFO] [stdout]     |
[INFO] [stdout] 516 |     let _ = env_logger::try_init();
[INFO] [stdout]     |             ^^^^^^^^^^ use of undeclared type or module `env_logger`
[INFO] [stdout] 
[INFO] [stdout] 
[INFO] [stdout] error[E0433]: failed to resolve: use of undeclared type or module `Runtime`
[INFO] [stdout]    --> src/tests.rs:542:20
[INFO] [stdout]     |
[INFO] [stdout] 542 |     let mut runtime = Runtime::new().unwrap();
[INFO] [stdout]     |                       ^^^^^^^ use of undeclared type or module `Runtime`
[INFO] [stdout] 
[INFO] [stdout] 
[INFO] [stdout] error[E0433]: failed to resolve: use of undeclared type or module `Runtime`
[INFO] [stdout]    --> src/tests.rs:676:20
[INFO] [stdout]     |
[INFO] [stdout] 676 |     let mut runtime = Runtime::new().unwrap();
[INFO] [stdout]     |                       ^^^^^^^ use of undeclared type or module `Runtime`
[INFO] [stdout] 
[INFO] [stdout] 
[INFO] [stdout] error[E0433]: failed to resolve: use of undeclared type or module `Runtime`
[INFO] [stdout]    --> src/tests.rs:694:20
[INFO] [stdout]     |
[INFO] [stdout] 694 |     let mut runtime = Runtime::new().unwrap();
[INFO] [stdout]     |                       ^^^^^^^ use of undeclared type or module `Runtime`
[INFO] [stdout] 
[INFO] [stdout] 
[INFO] [stdout] error[E0433]: failed to resolve: use of undeclared type or module `Runtime`
[INFO] [stdout]    --> src/tests.rs:733:20
[INFO] [stdout]     |
[INFO] [stdout] 733 |     let mut runtime = Runtime::new().unwrap();
[INFO] [stdout]     |                       ^^^^^^^ use of undeclared type or module `Runtime`
[INFO] [stdout] 
[INFO] [stdout] 
[INFO] [stdout] error[E0433]: failed to resolve: use of undeclared type or module `env_logger`
[INFO] [stdout]    --> src/tests.rs:786:10
[INFO] [stdout]     |
[INFO] [stdout] 786 |     let _ = env_logger::try_init();
[INFO] [stdout]     |             ^^^^^^^^^^ use of undeclared type or module `env_logger`
[INFO] [stdout] 
[INFO] [stdout] 
[INFO] [stdout] error[E0433]: failed to resolve: use of undeclared type or module `Runtime`
[INFO] [stdout]    --> src/tests.rs:787:20
[INFO] [stdout]     |
[INFO] [stdout] 787 |     let mut runtime = Runtime::new().unwrap();
[INFO] [stdout]     |                       ^^^^^^^ use of undeclared type or module `Runtime`
[INFO] [stdout] 
[INFO] [stdout] 
[INFO] [stdout] error[E0433]: failed to resolve: use of undeclared type or module `env_logger`
[INFO] [stdout]    --> src/tests.rs:846:10
[INFO] [stdout]     |
[INFO] [stdout] 846 |     let _ = env_logger::try_init();
[INFO] [stdout]     |             ^^^^^^^^^^ use of undeclared type or module `env_logger`
[INFO] [stdout] 
[INFO] [stdout] 
[INFO] [stdout] error[E0433]: failed to resolve: use of undeclared type or module `Runtime`
[INFO] [stdout]    --> src/tests.rs:847:20
[INFO] [stdout]     |
[INFO] [stdout] 847 |     let mut runtime = Runtime::new().unwrap();
[INFO] [stdout]     |                       ^^^^^^^ use of undeclared type or module `Runtime`
[INFO] [stdout] 
[INFO] [stdout] 
[INFO] [stdout] error[E0433]: failed to resolve: use of undeclared type or module `substrate_test_runtime_client`
[INFO] [stdout]    --> src/tests.rs:911:18
[INFO] [stdout]     |
[INFO] [stdout] 911 |         TransactionFor<substrate_test_runtime_client::Backend, Block>
[INFO] [stdout]     |                        ^^^^^^^^^^^^^^^^^^^^^^^^^^^^^ use of undeclared type or module `substrate_test_runtime_client`
[INFO] [stdout] 
[INFO] [stdout] 
[INFO] [stdout] error[E0433]: failed to resolve: use of undeclared type or module `substrate_test_runtime_client`
[INFO] [stdout]    --> src/tests.rs:961:18
[INFO] [stdout]     |
[INFO] [stdout] 961 |         TransactionFor<substrate_test_runtime_client::Backend, Block>
[INFO] [stdout]     |                        ^^^^^^^^^^^^^^^^^^^^^^^^^^^^^ use of undeclared type or module `substrate_test_runtime_client`
[INFO] [stdout] 
[INFO] [stdout] 
[INFO] [stdout] error[E0433]: failed to resolve: use of undeclared type or module `env_logger`
[INFO] [stdout]     --> src/tests.rs:1008:10
[INFO] [stdout]      |
[INFO] [stdout] 1008 |     let _ = env_logger::try_init();
[INFO] [stdout]      |             ^^^^^^^^^^ use of undeclared type or module `env_logger`
[INFO] [stdout] 
[INFO] [stdout] 
[INFO] [stdout] error[E0433]: failed to resolve: use of undeclared type or module `Runtime`
[INFO] [stdout]     --> src/tests.rs:1009:20
[INFO] [stdout]      |
[INFO] [stdout] 1009 |     let mut runtime = Runtime::new().unwrap();
[INFO] [stdout]      |                       ^^^^^^^ use of undeclared type or module `Runtime`
[INFO] [stdout] 
[INFO] [stdout] 
[INFO] [stdout] error[E0433]: failed to resolve: use of undeclared type or module `substrate_test_runtime_client`
[INFO] [stdout]     --> src/tests.rs:1067:26
[INFO] [stdout]      |
[INFO] [stdout] 1067 |                                         TransactionFor<substrate_test_runtime_client::Backend, Block>
[INFO] [stdout]      |                                                        ^^^^^^^^^^^^^^^^^^^^^^^^^^^^^ use of undeclared type or module `substrate_test_runtime_client`
[INFO] [stdout] 
[INFO] [stdout] 
[INFO] [stdout] error[E0433]: failed to resolve: use of undeclared type or module `substrate_test_runtime_client`
[INFO] [stdout]     --> src/tests.rs:1142:21
[INFO] [stdout]      |
[INFO] [stdout] 1142 |                     TransactionFor<substrate_test_runtime_client::Backend, Block>
[INFO] [stdout]      |                                    ^^^^^^^^^^^^^^^^^^^^^^^^^^^^^ use of undeclared type or module `substrate_test_runtime_client`
[INFO] [stdout] 
[INFO] [stdout] 
[INFO] [stdout] error[E0433]: failed to resolve: use of undeclared type or module `env_logger`
[INFO] [stdout]     --> src/tests.rs:1264:10
[INFO] [stdout]      |
[INFO] [stdout] 1264 |     let _ = env_logger::try_init();
[INFO] [stdout]      |             ^^^^^^^^^^ use of undeclared type or module `env_logger`
[INFO] [stdout] 
[INFO] [stdout] 
[INFO] [stdout] error[E0433]: failed to resolve: use of undeclared type or module `Runtime`
[INFO] [stdout]     --> src/tests.rs:1265:20
[INFO] [stdout]      |
[INFO] [stdout] 1265 |     let mut runtime = Runtime::new().unwrap();
[INFO] [stdout]      |                       ^^^^^^^ use of undeclared type or module `Runtime`
[INFO] [stdout] 
[INFO] [stdout] 
[INFO] [stdout] error[E0433]: failed to resolve: could not find `env_logger` in `{{root}}`
[INFO] [stdout]     --> src/tests.rs:1309:12
[INFO] [stdout]      |
[INFO] [stdout] 1309 |     let _ = ::env_logger::try_init();
[INFO] [stdout]      |               ^^^^^^^^^^ could not find `env_logger` in `{{root}}`
[INFO] [stdout] 
[INFO] [stdout] 
[INFO] [stdout] error[E0433]: failed to resolve: use of undeclared type or module `Runtime`
[INFO] [stdout]     --> src/tests.rs:1310:20
[INFO] [stdout]      |
[INFO] [stdout] 1310 |     let mut runtime = Runtime::new().unwrap();
[INFO] [stdout]      |                       ^^^^^^^ use of undeclared type or module `Runtime`
[INFO] [stdout] 
[INFO] [stdout] 
[INFO] [stdout] error[E0433]: failed to resolve: could not find `env_logger` in `{{root}}`
[INFO] [stdout]     --> src/tests.rs:1339:12
[INFO] [stdout]      |
[INFO] [stdout] 1339 |     let _ = ::env_logger::try_init();
[INFO] [stdout]      |               ^^^^^^^^^^ could not find `env_logger` in `{{root}}`
[INFO] [stdout] 
[INFO] [stdout] 
[INFO] [stdout] error[E0433]: failed to resolve: use of undeclared type or module `Runtime`
[INFO] [stdout]     --> src/tests.rs:1340:20
[INFO] [stdout]      |
[INFO] [stdout] 1340 |     let mut runtime = Runtime::new().unwrap();
[INFO] [stdout]      |                       ^^^^^^^ use of undeclared type or module `Runtime`
[INFO] [stdout] 
[INFO] [stdout] 
[INFO] [stdout] error[E0433]: failed to resolve: use of undeclared type or module `env_logger`
[INFO] [stdout]     --> src/tests.rs:1403:10
[INFO] [stdout]      |
[INFO] [stdout] 1403 |     let _ = env_logger::try_init();
[INFO] [stdout]      |             ^^^^^^^^^^ use of undeclared type or module `env_logger`
[INFO] [stdout] 
[INFO] [stdout] 
[INFO] [stdout] error[E0433]: failed to resolve: use of undeclared type or module `Runtime`
[INFO] [stdout]     --> src/tests.rs:1404:20
[INFO] [stdout]      |
[INFO] [stdout] 1404 |     let mut runtime = Runtime::new().unwrap();
[INFO] [stdout]      |                       ^^^^^^^ use of undeclared type or module `Runtime`
[INFO] [stdout] 
[INFO] [stdout] 
[INFO] [stdout] error[E0433]: failed to resolve: use of undeclared type or module `substrate_test_runtime_client`
[INFO] [stdout]     --> src/tests.rs:1517:2
[INFO] [stdout]      |
[INFO] [stdout] 1517 |     substrate_test_runtime_client::Backend,
[INFO] [stdout]      |     ^^^^^^^^^^^^^^^^^^^^^^^^^^^^^ use of undeclared type or module `substrate_test_runtime_client`
[INFO] [stdout] 
[INFO] [stdout] 
[INFO] [stdout] error[E0433]: failed to resolve: use of undeclared type or module `substrate_test_runtime_client`
[INFO] [stdout]     --> src/tests.rs:1521:15
[INFO] [stdout]      |
[INFO] [stdout] 1521 |     LongestChain<substrate_test_runtime_client::Backend, Block>,
[INFO] [stdout]      |                  ^^^^^^^^^^^^^^^^^^^^^^^^^^^^^ use of undeclared type or module `substrate_test_runtime_client`
[INFO] [stdout] 
[INFO] [stdout] 
[INFO] [stdout] error[E0433]: failed to resolve: use of undeclared type or module `substrate_test_runtime_client`
[INFO] [stdout]     --> src/tests.rs:1744:18
[INFO] [stdout]      |
[INFO] [stdout] 1744 |         TransactionFor<substrate_test_runtime_client::Backend, Block>
[INFO] [stdout]      |                        ^^^^^^^^^^^^^^^^^^^^^^^^^^^^^ use of undeclared type or module `substrate_test_runtime_client`
[INFO] [stdout] 
[INFO] [stdout] 
[INFO] [stdout] error[E0412]: cannot find type `Header` in this scope
[INFO] [stdout]    --> src/finality_proof.rs:603:55
[INFO] [stdout]     |
[INFO] [stdout] 603 |       pub(crate) type FinalityProof = super::FinalityProof<Header>;
[INFO] [stdout]     |                                                            ^^^^^^
[INFO] [stdout]     | 
[INFO] [stdout]    ::: /opt/rustwide/cargo-home/registry/src/github.com-1ecc6299db9ec823/sp-runtime-2.0.0-rc6/src/traits.rs:488:1
[INFO] [stdout]     |
[INFO] [stdout] 488 | / pub trait Header:
[INFO] [stdout] 489 | |     Clone + Send + Sync + Codec + Eq + MaybeSerialize + Debug +
[INFO] [stdout] 490 | |     MaybeMallocSizeOf + 'static
[INFO] [stdout] 491 | | {
[INFO] [stdout] ...   |
[INFO] [stdout] 539 | |     }
[INFO] [stdout] 540 | | }
[INFO] [stdout]     | |_- similarly named trait `HeaderT` defined here
[INFO] [stdout]     |
[INFO] [stdout] help: a trait with a similar name exists
[INFO] [stdout]     |
[INFO] [stdout] 603 |     pub(crate) type FinalityProof = super::FinalityProof<HeaderT>;
[INFO] [stdout]     |                                                          ^^^^^^^
[INFO] [stdout] help: consider importing one of these items
[INFO] [stdout]     |
[INFO] [stdout] 597 |     use crate::voting_rule::Header;
[INFO] [stdout]     |
[INFO] [stdout] 597 |     use sp_runtime::generic::Header;
[INFO] [stdout]     |
[INFO] [stdout] 597 |     use sp_runtime::testing::Header;
[INFO] [stdout]     |
[INFO] [stdout] 597 |     use sp_runtime::traits::Header;
[INFO] [stdout]     |
[INFO] [stdout] 
[INFO] [stdout] 
[INFO] [stdout] error[E0412]: cannot find type `Block` in this scope
[INFO] [stdout]    --> src/finality_proof.rs:605:71
[INFO] [stdout]     |
[INFO] [stdout] 605 |     impl<GetAuthorities, ProveAuthorities> AuthoritySetForFinalityProver<Block> for (GetAuthorities, ProveAuthorities)
[INFO] [stdout]     |                                                                          ^^^^^
[INFO] [stdout]     | 
[INFO] [stdout]    ::: /opt/rustwide/cargo-home/registry/src/github.com-1ecc6299db9ec823/sp-runtime-2.0.0-rc6/src/traits.rs:546:1
[INFO] [stdout]     |
[INFO] [stdout] 546 | pub trait Block: Clone + Send + Sync + Codec + Eq + MaybeSerialize + Debug + MaybeMallocSizeOf + 'static {
[INFO] [stdout]     | -------------------------------------------------------------------------------------------------------- similarly named trait `BlockT` defined here
[INFO] [stdout]     |
[INFO] [stdout] help: a trait with a similar name exists
[INFO] [stdout]     |
[INFO] [stdout] 605 |     impl<GetAuthorities, ProveAuthorities> AuthoritySetForFinalityProver<BlockT> for (GetAuthorities, ProveAuthorities)
[INFO] [stdout]     |                                                                          ^^^^^^
[INFO] [stdout] help: consider importing one of these items
[INFO] [stdout]     |
[INFO] [stdout] 597 |     use sp_runtime::generic::Block;
[INFO] [stdout]     |
[INFO] [stdout] 597 |     use sp_runtime::testing::Block;
[INFO] [stdout]     |
[INFO] [stdout] 597 |     use sp_runtime::traits::Block;
[INFO] [stdout]     |
[INFO] [stdout] 
[INFO] [stdout] 
[INFO] [stdout] error[E0412]: cannot find type `Block` in this scope
[INFO] [stdout]    --> src/finality_proof.rs:607:45
[INFO] [stdout]     |
[INFO] [stdout] 607 |             GetAuthorities: Send + Sync + Fn(BlockId<Block>) -> ClientResult<AuthorityList>,
[INFO] [stdout]     |                                                      ^^^^^
[INFO] [stdout]     | 
[INFO] [stdout]    ::: /opt/rustwide/cargo-home/registry/src/github.com-1ecc6299db9ec823/sp-runtime-2.0.0-rc6/src/traits.rs:546:1
[INFO] [stdout]     |
[INFO] [stdout] 546 | pub trait Block: Clone + Send + Sync + Codec + Eq + MaybeSerialize + Debug + MaybeMallocSizeOf + 'static {
[INFO] [stdout]     | -------------------------------------------------------------------------------------------------------- similarly named trait `BlockT` defined here
[INFO] [stdout]     |
[INFO] [stdout] help: a trait with a similar name exists
[INFO] [stdout]     |
[INFO] [stdout] 607 |             GetAuthorities: Send + Sync + Fn(BlockId<BlockT>) -> ClientResult<AuthorityList>,
[INFO] [stdout]     |                                                      ^^^^^^
[INFO] [stdout] help: consider importing one of these items
[INFO] [stdout]     |
[INFO] [stdout] 597 |     use sp_runtime::generic::Block;
[INFO] [stdout]     |
[INFO] [stdout] 597 |     use sp_runtime::testing::Block;
[INFO] [stdout]     |
[INFO] [stdout] 597 |     use sp_runtime::traits::Block;
[INFO] [stdout]     |
[INFO] [stdout] 
[INFO] [stdout] 
[INFO] [stdout] error[E0412]: cannot find type `Block` in this scope
[INFO] [stdout]    --> src/finality_proof.rs:608:47
[INFO] [stdout]     |
[INFO] [stdout] 608 |             ProveAuthorities: Send + Sync + Fn(BlockId<Block>) -> ClientResult<StorageProof>,
[INFO] [stdout]     |                                                        ^^^^^
[INFO] [stdout]     | 
[INFO] [stdout]    ::: /opt/rustwide/cargo-home/registry/src/github.com-1ecc6299db9ec823/sp-runtime-2.0.0-rc6/src/traits.rs:546:1
[INFO] [stdout]     |
[INFO] [stdout] 546 | pub trait Block: Clone + Send + Sync + Codec + Eq + MaybeSerialize + Debug + MaybeMallocSizeOf + 'static {
[INFO] [stdout]     | -------------------------------------------------------------------------------------------------------- similarly named trait `BlockT` defined here
[INFO] [stdout]     |
[INFO] [stdout] help: a trait with a similar name exists
[INFO] [stdout]     |
[INFO] [stdout] 608 |             ProveAuthorities: Send + Sync + Fn(BlockId<BlockT>) -> ClientResult<StorageProof>,
[INFO] [stdout]     |                                                        ^^^^^^
[INFO] [stdout] help: consider importing one of these items
[INFO] [stdout]     |
[INFO] [stdout] 597 |     use sp_runtime::generic::Block;
[INFO] [stdout]     |
[INFO] [stdout] 597 |     use sp_runtime::testing::Block;
[INFO] [stdout]     |
[INFO] [stdout] 597 |     use sp_runtime::traits::Block;
[INFO] [stdout]     |
[INFO] [stdout] 
[INFO] [stdout] 
[INFO] [stdout] error[E0412]: cannot find type `Block` in this scope
[INFO] [stdout]    --> src/finality_proof.rs:610:41
[INFO] [stdout]     |
[INFO] [stdout] 610 |         fn authorities(&self, block: &BlockId<Block>) -> ClientResult<AuthorityList> {
[INFO] [stdout]     |                                               ^^^^^
[INFO] [stdout]     | 
[INFO] [stdout]    ::: /opt/rustwide/cargo-home/registry/src/github.com-1ecc6299db9ec823/sp-runtime-2.0.0-rc6/src/traits.rs:546:1
[INFO] [stdout]     |
[INFO] [stdout] 546 | pub trait Block: Clone + Send + Sync + Codec + Eq + MaybeSerialize + Debug + MaybeMallocSizeOf + 'static {
[INFO] [stdout]     | -------------------------------------------------------------------------------------------------------- similarly named trait `BlockT` defined here
[INFO] [stdout]     |
[INFO] [stdout] help: a trait with a similar name exists
[INFO] [stdout]     |
[INFO] [stdout] 610 |         fn authorities(&self, block: &BlockId<BlockT>) -> ClientResult<AuthorityList> {
[INFO] [stdout]     |                                               ^^^^^^
[INFO] [stdout] help: consider importing one of these items
[INFO] [stdout]     |
[INFO] [stdout] 597 |     use sp_runtime::generic::Block;
[INFO] [stdout]     |
[INFO] [stdout] 597 |     use sp_runtime::testing::Block;
[INFO] [stdout]     |
[INFO] [stdout] 597 |     use sp_runtime::traits::Block;
[INFO] [stdout]     |
[INFO] [stdout] 
[INFO] [stdout] 
[INFO] [stdout] error[E0412]: cannot find type `Block` in this scope
[INFO] [stdout]    --> src/finality_proof.rs:614:47
[INFO] [stdout]     |
[INFO] [stdout] 614 |         fn prove_authorities(&self, block: &BlockId<Block>) -> ClientResult<StorageProof> {
[INFO] [stdout]     |                                                     ^^^^^
[INFO] [stdout]     | 
[INFO] [stdout]    ::: /opt/rustwide/cargo-home/registry/src/github.com-1ecc6299db9ec823/sp-runtime-2.0.0-rc6/src/traits.rs:546:1
[INFO] [stdout]     |
[INFO] [stdout] 546 | pub trait Block: Clone + Send + Sync + Codec + Eq + MaybeSerialize + Debug + MaybeMallocSizeOf + 'static {
[INFO] [stdout]     | -------------------------------------------------------------------------------------------------------- similarly named trait `BlockT` defined here
[INFO] [stdout]     |
[INFO] [stdout] help: a trait with a similar name exists
[INFO] [stdout]     |
[INFO] [stdout] 614 |         fn prove_authorities(&self, block: &BlockId<BlockT>) -> ClientResult<StorageProof> {
[INFO] [stdout]     |                                                     ^^^^^^
[INFO] [stdout] help: consider importing one of these items
[INFO] [stdout]     |
[INFO] [stdout] 597 |     use sp_runtime::generic::Block;
[INFO] [stdout]     |
[INFO] [stdout] 597 |     use sp_runtime::testing::Block;
[INFO] [stdout]     |
[INFO] [stdout] 597 |     use sp_runtime::traits::Block;
[INFO] [stdout]     |
[INFO] [stdout] 
[INFO] [stdout] 
[INFO] [stdout] error[E0412]: cannot find type `Block` in this scope
[INFO] [stdout]    --> src/finality_proof.rs:621:47
[INFO] [stdout]     |
[INFO] [stdout] 621 |     impl<Closure> AuthoritySetForFinalityChecker<Block> for ClosureAuthoritySetForFinalityChecker<Closure>
[INFO] [stdout]     |                                                  ^^^^^
[INFO] [stdout]     | 
[INFO] [stdout]    ::: /opt/rustwide/cargo-home/registry/src/github.com-1ecc6299db9ec823/sp-runtime-2.0.0-rc6/src/traits.rs:546:1
[INFO] [stdout]     |
[INFO] [stdout] 546 | pub trait Block: Clone + Send + Sync + Codec + Eq + MaybeSerialize + Debug + MaybeMallocSizeOf + 'static {
[INFO] [stdout]     | -------------------------------------------------------------------------------------------------------- similarly named trait `BlockT` defined here
[INFO] [stdout]     |
[INFO] [stdout] help: a trait with a similar name exists
[INFO] [stdout]     |
[INFO] [stdout] 621 |     impl<Closure> AuthoritySetForFinalityChecker<BlockT> for ClosureAuthoritySetForFinalityChecker<Closure>
[INFO] [stdout]     |                                                  ^^^^^^
[INFO] [stdout] help: consider importing one of these items
[INFO] [stdout]     |
[INFO] [stdout] 597 |     use sp_runtime::generic::Block;
[INFO] [stdout]     |
[INFO] [stdout] 597 |     use sp_runtime::testing::Block;
[INFO] [stdout]     |
[INFO] [stdout] 597 |     use sp_runtime::traits::Block;
[INFO] [stdout]     |
[INFO] [stdout] 
[INFO] [stdout] 
[INFO] [stdout] error[E0412]: cannot find type `H256` in this scope
[INFO] [stdout]    --> src/finality_proof.rs:623:30
[INFO] [stdout]     |
[INFO] [stdout] 623 |             Closure: Send + Sync + Fn(H256, Header, StorageProof) -> ClientResult<AuthorityList>,
[INFO] [stdout]     |                                       ^^^^ not found in this scope
[INFO] [stdout]     |
[INFO] [stdout] help: consider importing one of these items
[INFO] [stdout]     |
[INFO] [stdout] 597 |     use crate::tests::H256;
[INFO] [stdout]     |
[INFO] [stdout] 597 |     use sp_core::H256;
[INFO] [stdout]     |
[INFO] [stdout] 597 |     use sp_runtime::testing::H256;
[INFO] [stdout]     |
[INFO] [stdout] 
[INFO] [stdout] 
[INFO] [stdout] error[E0412]: cannot find type `Header` in this scope
[INFO] [stdout]    --> src/finality_proof.rs:623:36
[INFO] [stdout]     |
[INFO] [stdout] 623 |               Closure: Send + Sync + Fn(H256, Header, StorageProof) -> ClientResult<AuthorityList>,
[INFO] [stdout]     |                                               ^^^^^^
[INFO] [stdout]     | 
[INFO] [stdout]    ::: /opt/rustwide/cargo-home/registry/src/github.com-1ecc6299db9ec823/sp-runtime-2.0.0-rc6/src/traits.rs:488:1
[INFO] [stdout]     |
[INFO] [stdout] 488 | / pub trait Header:
[INFO] [stdout] 489 | |     Clone + Send + Sync + Codec + Eq + MaybeSerialize + Debug +
[INFO] [stdout] 490 | |     MaybeMallocSizeOf + 'static
[INFO] [stdout] 491 | | {
[INFO] [stdout] ...   |
[INFO] [stdout] 539 | |     }
[INFO] [stdout] 540 | | }
[INFO] [stdout]     | |_- similarly named trait `HeaderT` defined here
[INFO] [stdout]     |
[INFO] [stdout] help: a trait with a similar name exists
[INFO] [stdout]     |
[INFO] [stdout] 623 |             Closure: Send + Sync + Fn(H256, HeaderT, StorageProof) -> ClientResult<AuthorityList>,
[INFO] [stdout]     |                                             ^^^^^^^
[INFO] [stdout] help: consider importing one of these items
[INFO] [stdout]     |
[INFO] [stdout] 597 |     use crate::voting_rule::Header;
[INFO] [stdout]     |
[INFO] [stdout] 597 |     use sp_runtime::generic::Header;
[INFO] [stdout]     |
[INFO] [stdout] 597 |     use sp_runtime::testing::Header;
[INFO] [stdout]     |
[INFO] [stdout] 597 |     use sp_runtime::traits::Header;
[INFO] [stdout]     |
[INFO] [stdout] 
[INFO] [stdout] 
[INFO] [stdout] error[E0412]: cannot find type `H256` in this scope
[INFO] [stdout]    --> src/finality_proof.rs:627:10
[INFO] [stdout]     |
[INFO] [stdout] 627 |             hash: H256,
[INFO] [stdout]     |                   ^^^^ not found in this scope
[INFO] [stdout]     |
[INFO] [stdout] help: consider importing one of these items
[INFO] [stdout]     |
[INFO] [stdout] 597 |     use crate::tests::H256;
[INFO] [stdout]     |
[INFO] [stdout] 597 |     use sp_core::H256;
[INFO] [stdout]     |
[INFO] [stdout] 597 |     use sp_runtime::testing::H256;
[INFO] [stdout]     |
[INFO] [stdout] 
[INFO] [stdout] 
[INFO] [stdout] error[E0412]: cannot find type `Header` in this scope
[INFO] [stdout]    --> src/finality_proof.rs:628:12
[INFO] [stdout]     |
[INFO] [stdout] 628 |               header: Header,
[INFO] [stdout]     |                       ^^^^^^
[INFO] [stdout]     | 
[INFO] [stdout]    ::: /opt/rustwide/cargo-home/registry/src/github.com-1ecc6299db9ec823/sp-runtime-2.0.0-rc6/src/traits.rs:488:1
[INFO] [stdout]     |
[INFO] [stdout] 488 | / pub trait Header:
[INFO] [stdout] 489 | |     Clone + Send + Sync + Codec + Eq + MaybeSerialize + Debug +
[INFO] [stdout] 490 | |     MaybeMallocSizeOf + 'static
[INFO] [stdout] 491 | | {
[INFO] [stdout] ...   |
[INFO] [stdout] 539 | |     }
[INFO] [stdout] 540 | | }
[INFO] [stdout]     | |_- similarly named trait `HeaderT` defined here
[INFO] [stdout]     |
[INFO] [stdout] help: a trait with a similar name exists
[INFO] [stdout]     |
[INFO] [stdout] 628 |             header: HeaderT,
[INFO] [stdout]     |                     ^^^^^^^
[INFO] [stdout] help: consider importing one of these items
[INFO] [stdout]     |
[INFO] [stdout] 597 |     use crate::voting_rule::Header;
[INFO] [stdout]     |
[INFO] [stdout] 597 |     use sp_runtime::generic::Header;
[INFO] [stdout]     |
[INFO] [stdout] 597 |     use sp_runtime::testing::Header;
[INFO] [stdout]     |
[INFO] [stdout] 597 |     use sp_runtime::traits::Header;
[INFO] [stdout]     |
[INFO] [stdout] 
[INFO] [stdout] 
[INFO] [stdout] error[E0412]: cannot find type `Header` in this scope
[INFO] [stdout]    --> src/finality_proof.rs:638:29
[INFO] [stdout]     |
[INFO] [stdout] 638 |       impl ProvableJustification<Header> for TestJustification {
[INFO] [stdout]     |                                  ^^^^^^
[INFO] [stdout]     | 
[INFO] [stdout]    ::: /opt/rustwide/cargo-home/registry/src/github.com-1ecc6299db9ec823/sp-runtime-2.0.0-rc6/src/traits.rs:488:1
[INFO] [stdout]     |
[INFO] [stdout] 488 | / pub trait Header:
[INFO] [stdout] 489 | |     Clone + Send + Sync + Codec + Eq + MaybeSerialize + Debug +
[INFO] [stdout] 490 | |     MaybeMallocSizeOf + 'static
[INFO] [stdout] 491 | | {
[INFO] [stdout] ...   |
[INFO] [stdout] 539 | |     }
[INFO] [stdout] 540 | | }
[INFO] [stdout]     | |_- similarly named trait `HeaderT` defined here
[INFO] [stdout]     |
[INFO] [stdout] help: a trait with a similar name exists
[INFO] [stdout]     |
[INFO] [stdout] 638 |     impl ProvableJustification<HeaderT> for TestJustification {
[INFO] [stdout]     |                                ^^^^^^^
[INFO] [stdout] help: consider importing one of these items
[INFO] [stdout]     |
[INFO] [stdout] 597 |     use crate::voting_rule::Header;
[INFO] [stdout]     |
[INFO] [stdout] 597 |     use sp_runtime::generic::Header;
[INFO] [stdout]     |
[INFO] [stdout] 597 |     use sp_runtime::testing::Header;
[INFO] [stdout]     |
[INFO] [stdout] 597 |     use sp_runtime::traits::Header;
[INFO] [stdout]     |
[INFO] [stdout] 
[INFO] [stdout] 
[INFO] [stdout] error[E0412]: cannot find type `Header` in this scope
[INFO] [stdout]    --> src/finality_proof.rs:648:28
[INFO] [stdout]     |
[INFO] [stdout] 648 |       fn header(number: u64) -> Header {
[INFO] [stdout]     |                                 ^^^^^^
[INFO] [stdout]     | 
[INFO] [stdout]    ::: /opt/rustwide/cargo-home/registry/src/github.com-1ecc6299db9ec823/sp-runtime-2.0.0-rc6/src/traits.rs:488:1
[INFO] [stdout]     |
[INFO] [stdout] 488 | / pub trait Header:
[INFO] [stdout] 489 | |     Clone + Send + Sync + Codec + Eq + MaybeSerialize + Debug +
[INFO] [stdout] 490 | |     MaybeMallocSizeOf + 'static
[INFO] [stdout] 491 | | {
[INFO] [stdout] ...   |
[INFO] [stdout] 539 | |     }
[INFO] [stdout] 540 | | }
[INFO] [stdout]     | |_- similarly named trait `HeaderT` defined here
[INFO] [stdout]     |
[INFO] [stdout] help: a trait with a similar name exists
[INFO] [stdout]     |
[INFO] [stdout] 648 |     fn header(number: u64) -> HeaderT {
[INFO] [stdout]     |                               ^^^^^^^
[INFO] [stdout] help: consider importing one of these items
[INFO] [stdout]     |
[INFO] [stdout] 597 |     use crate::voting_rule::Header;
[INFO] [stdout]     |
[INFO] [stdout] 597 |     use sp_runtime::generic::Header;
[INFO] [stdout]     |
[INFO] [stdout] 597 |     use sp_runtime::testing::Header;
[INFO] [stdout]     |
[INFO] [stdout] 597 |     use sp_runtime::traits::Header;
[INFO] [stdout]     |
[INFO] [stdout] 
[INFO] [stdout] 
[INFO] [stdout] error[E0433]: failed to resolve: use of undeclared type or module `Header`
[INFO] [stdout]    --> src/finality_proof.rs:653:3
[INFO] [stdout]     |
[INFO] [stdout] 653 |           Header::new(number, H256::from_low_u64_be(0), H256::from_low_u64_be(0), parent_hash, Default::default())
[INFO] [stdout]     |           ^^^^^^
[INFO] [stdout]     | 
[INFO] [stdout]    ::: /opt/rustwide/cargo-home/registry/src/github.com-1ecc6299db9ec823/sp-runtime-2.0.0-rc6/src/traits.rs:488:1
[INFO] [stdout]     |
[INFO] [stdout] 488 | / pub trait Header:
[INFO] [stdout] 489 | |     Clone + Send + Sync + Codec + Eq + MaybeSerialize + Debug +
[INFO] [stdout] 490 | |     MaybeMallocSizeOf + 'static
[INFO] [stdout] 491 | | {
[INFO] [stdout] ...   |
[INFO] [stdout] 539 | |     }
[INFO] [stdout] 540 | | }
[INFO] [stdout]     | |_- similarly named trait `HeaderT` defined here
[INFO] [stdout]     |
[INFO] [stdout] help: a trait with a similar name exists
[INFO] [stdout]     |
[INFO] [stdout] 653 |         HeaderT::new(number, H256::from_low_u64_be(0), H256::from_low_u64_be(0), parent_hash, Default::default())
[INFO] [stdout]     |         ^^^^^^^
[INFO] [stdout] help: consider importing one of these items
[INFO] [stdout]     |
[INFO] [stdout] 597 |     use crate::voting_rule::Header;
[INFO] [stdout]     |
[INFO] [stdout] 597 |     use sp_runtime::generic::Header;
[INFO] [stdout]     |
[INFO] [stdout] 597 |     use sp_runtime::testing::Header;
[INFO] [stdout]     |
[INFO] [stdout] 597 |     use sp_runtime::traits::Header;
[INFO] [stdout]     |
[INFO] [stdout] 
[INFO] [stdout] 
[INFO] [stdout] error[E0433]: failed to resolve: use of undeclared type or module `H256`
[INFO] [stdout]    --> src/finality_proof.rs:653:23
[INFO] [stdout]     |
[INFO] [stdout] 653 |         Header::new(number, H256::from_low_u64_be(0), H256::from_low_u64_be(0), parent_hash, Default::default())
[INFO] [stdout]     |                             ^^^^ not found in this scope
[INFO] [stdout]     |
[INFO] [stdout] help: consider importing one of these items
[INFO] [stdout]     |
[INFO] [stdout] 597 |     use crate::tests::H256;
[INFO] [stdout]     |
[INFO] [stdout] 597 |     use sp_core::H256;
[INFO] [stdout]     |
[INFO] [stdout] 597 |     use sp_runtime::testing::H256;
[INFO] [stdout]     |
[INFO] [stdout] 
[INFO] [stdout] 
[INFO] [stdout] error[E0433]: failed to resolve: use of undeclared type or module `H256`
[INFO] [stdout]    --> src/finality_proof.rs:653:49
[INFO] [stdout]     |
[INFO] [stdout] 653 |         Header::new(number, H256::from_low_u64_be(0), H256::from_low_u64_be(0), parent_hash, Default::default())
[INFO] [stdout]     |                                                       ^^^^ not found in this scope
[INFO] [stdout]     |
[INFO] [stdout] help: consider importing one of these items
[INFO] [stdout]     |
[INFO] [stdout] 597 |     use crate::tests::H256;
[INFO] [stdout]     |
[INFO] [stdout] 597 |     use sp_core::H256;
[INFO] [stdout]     |
[INFO] [stdout] 597 |     use sp_runtime::testing::H256;
[INFO] [stdout]     |
[INFO] [stdout] 
[INFO] [stdout] 
[INFO] [stdout] error[E0412]: cannot find type `Header` in this scope
[INFO] [stdout]    --> src/finality_proof.rs:656:33
[INFO] [stdout]     |
[INFO] [stdout] 656 |       fn side_header(number: u64) -> Header {
[INFO] [stdout]     |                                      ^^^^^^
[INFO] [stdout]     | 
[INFO] [stdout]    ::: /opt/rustwide/cargo-home/registry/src/github.com-1ecc6299db9ec823/sp-runtime-2.0.0-rc6/src/traits.rs:488:1
[INFO] [stdout]     |
[INFO] [stdout] 488 | / pub trait Header:
[INFO] [stdout] 489 | |     Clone + Send + Sync + Codec + Eq + MaybeSerialize + Debug +
[INFO] [stdout] 490 | |     MaybeMallocSizeOf + 'static
[INFO] [stdout] 491 | | {
[INFO] [stdout] ...   |
[INFO] [stdout] 539 | |     }
[INFO] [stdout] 540 | | }
[INFO] [stdout]     | |_- similarly named trait `HeaderT` defined here
[INFO] [stdout]     |
[INFO] [stdout] help: a trait with a similar name exists
[INFO] [stdout]     |
[INFO] [stdout] 656 |     fn side_header(number: u64) -> HeaderT {
[INFO] [stdout]     |                                    ^^^^^^^
[INFO] [stdout] help: consider importing one of these items
[INFO] [stdout]     |
[INFO] [stdout] 597 |     use crate::voting_rule::Header;
[INFO] [stdout]     |
[INFO] [stdout] 597 |     use sp_runtime::generic::Header;
[INFO] [stdout]     |
[INFO] [stdout] 597 |     use sp_runtime::testing::Header;
[INFO] [stdout]     |
[INFO] [stdout] 597 |     use sp_runtime::traits::Header;
[INFO] [stdout]     |
[INFO] [stdout] 
[INFO] [stdout] 
[INFO] [stdout] error[E0433]: failed to resolve: use of undeclared type or module `Header`
[INFO] [stdout]    --> src/finality_proof.rs:657:3
[INFO] [stdout]     |
[INFO] [stdout] 657 |           Header::new(
[INFO] [stdout]     |           ^^^^^^
[INFO] [stdout]     | 
[INFO] [stdout]    ::: /opt/rustwide/cargo-home/registry/src/github.com-1ecc6299db9ec823/sp-runtime-2.0.0-rc6/src/traits.rs:488:1
[INFO] [stdout]     |
[INFO] [stdout] 488 | / pub trait Header:
[INFO] [stdout] 489 | |     Clone + Send + Sync + Codec + Eq + MaybeSerialize + Debug +
[INFO] [stdout] 490 | |     MaybeMallocSizeOf + 'static
[INFO] [stdout] 491 | | {
[INFO] [stdout] ...   |
[INFO] [stdout] 539 | |     }
[INFO] [stdout] 540 | | }
[INFO] [stdout]     | |_- similarly named trait `HeaderT` defined here
[INFO] [stdout]     |
[INFO] [stdout] help: a trait with a similar name exists
[INFO] [stdout]     |
[INFO] [stdout] 657 |         HeaderT::new(
[INFO] [stdout]     |         ^^^^^^^
[INFO] [stdout] help: consider importing one of these items
[INFO] [stdout]     |
[INFO] [stdout] 597 |     use crate::voting_rule::Header;
[INFO] [stdout]     |
[INFO] [stdout] 597 |     use sp_runtime::generic::Header;
[INFO] [stdout]     |
[INFO] [stdout] 597 |     use sp_runtime::testing::Header;
[INFO] [stdout]     |
[INFO] [stdout] 597 |     use sp_runtime::traits::Header;
[INFO] [stdout]     |
[INFO] [stdout] 
[INFO] [stdout] 
[INFO] [stdout] error[E0433]: failed to resolve: use of undeclared type or module `H256`
[INFO] [stdout]    --> src/finality_proof.rs:659:4
[INFO] [stdout]     |
[INFO] [stdout] 659 |             H256::from_low_u64_be(0),
[INFO] [stdout]     |             ^^^^ not found in this scope
[INFO] [stdout]     |
[INFO] [stdout] help: consider importing one of these items
[INFO] [stdout]     |
[INFO] [stdout] 597 |     use crate::tests::H256;
[INFO] [stdout]     |
[INFO] [stdout] 597 |     use sp_core::H256;
[INFO] [stdout]     |
[INFO] [stdout] 597 |     use sp_runtime::testing::H256;
[INFO] [stdout]     |
[INFO] [stdout] 
[INFO] [stdout] 
[INFO] [stdout] error[E0433]: failed to resolve: use of undeclared type or module `H256`
[INFO] [stdout]    --> src/finality_proof.rs:660:4
[INFO] [stdout]     |
[INFO] [stdout] 660 |             H256::from_low_u64_be(1),
[INFO] [stdout]     |             ^^^^ not found in this scope
[INFO] [stdout]     |
[INFO] [stdout] help: consider importing one of these items
[INFO] [stdout]     |
[INFO] [stdout] 597 |     use crate::tests::H256;
[INFO] [stdout]     |
[INFO] [stdout] 597 |     use sp_core::H256;
[INFO] [stdout]     |
[INFO] [stdout] 597 |     use sp_runtime::testing::H256;
[INFO] [stdout]     |
[INFO] [stdout] 
[INFO] [stdout] 
[INFO] [stdout] error[E0412]: cannot find type `Header` in this scope
[INFO] [stdout]    --> src/finality_proof.rs:666:40
[INFO] [stdout]     |
[INFO] [stdout] 666 |       fn second_side_header(number: u64) -> Header {
[INFO] [stdout]     |                                             ^^^^^^
[INFO] [stdout]     | 
[INFO] [stdout]    ::: /opt/rustwide/cargo-home/registry/src/github.com-1ecc6299db9ec823/sp-runtime-2.0.0-rc6/src/traits.rs:488:1
[INFO] [stdout]     |
[INFO] [stdout] 488 | / pub trait Header:
[INFO] [stdout] 489 | |     Clone + Send + Sync + Codec + Eq + MaybeSerialize + Debug +
[INFO] [stdout] 490 | |     MaybeMallocSizeOf + 'static
[INFO] [stdout] 491 | | {
[INFO] [stdout] ...   |
[INFO] [stdout] 539 | |     }
[INFO] [stdout] 540 | | }
[INFO] [stdout]     | |_- similarly named trait `HeaderT` defined here
[INFO] [stdout]     |
[INFO] [stdout] help: a trait with a similar name exists
[INFO] [stdout]     |
[INFO] [stdout] 666 |     fn second_side_header(number: u64) -> HeaderT {
[INFO] [stdout]     |                                           ^^^^^^^
[INFO] [stdout] help: consider importing one of these items
[INFO] [stdout]     |
[INFO] [stdout] 597 |     use crate::voting_rule::Header;
[INFO] [stdout]     |
[INFO] [stdout] 597 |     use sp_runtime::generic::Header;
[INFO] [stdout]     |
[INFO] [stdout] 597 |     use sp_runtime::testing::Header;
[INFO] [stdout]     |
[INFO] [stdout] 597 |     use sp_runtime::traits::Header;
[INFO] [stdout]     |
[INFO] [stdout] 
[INFO] [stdout] 
[INFO] [stdout] error[E0433]: failed to resolve: use of undeclared type or module `Header`
[INFO] [stdout]    --> src/finality_proof.rs:667:3
[INFO] [stdout]     |
[INFO] [stdout] 667 |           Header::new(
[INFO] [stdout]     |           ^^^^^^
[INFO] [stdout]     | 
[INFO] [stdout]    ::: /opt/rustwide/cargo-home/registry/src/github.com-1ecc6299db9ec823/sp-runtime-2.0.0-rc6/src/traits.rs:488:1
[INFO] [stdout]     |
[INFO] [stdout] 488 | / pub trait Header:
[INFO] [stdout] 489 | |     Clone + Send + Sync + Codec + Eq + MaybeSerialize + Debug +
[INFO] [stdout] 490 | |     MaybeMallocSizeOf + 'static
[INFO] [stdout] 491 | | {
[INFO] [stdout] ...   |
[INFO] [stdout] 539 | |     }
[INFO] [stdout] 540 | | }
[INFO] [stdout]     | |_- similarly named trait `HeaderT` defined here
[INFO] [stdout]     |
[INFO] [stdout] help: a trait with a similar name exists
[INFO] [stdout]     |
[INFO] [stdout] 667 |         HeaderT::new(
[INFO] [stdout]     |         ^^^^^^^
[INFO] [stdout] help: consider importing one of these items
[INFO] [stdout]     |
[INFO] [stdout] 597 |     use crate::voting_rule::Header;
[INFO] [stdout]     |
[INFO] [stdout] 597 |     use sp_runtime::generic::Header;
[INFO] [stdout]     |
[INFO] [stdout] 597 |     use sp_runtime::testing::Header;
[INFO] [stdout]     |
[INFO] [stdout] 597 |     use sp_runtime::traits::Header;
[INFO] [stdout]     |
[INFO] [stdout] 
[INFO] [stdout] 
[INFO] [stdout] error[E0433]: failed to resolve: use of undeclared type or module `H256`
[INFO] [stdout]    --> src/finality_proof.rs:669:4
[INFO] [stdout]     |
[INFO] [stdout] 669 |             H256::from_low_u64_be(0),
[INFO] [stdout]     |             ^^^^ not found in this scope
[INFO] [stdout]     |
[INFO] [stdout] help: consider importing one of these items
[INFO] [stdout]     |
[INFO] [stdout] 597 |     use crate::tests::H256;
[INFO] [stdout]     |
[INFO] [stdout] 597 |     use sp_core::H256;
[INFO] [stdout]     |
[INFO] [stdout] 597 |     use sp_runtime::testing::H256;
[INFO] [stdout]     |
[INFO] [stdout] 
[INFO] [stdout] 
[INFO] [stdout] error[E0433]: failed to resolve: use of undeclared type or module `H256`
[INFO] [stdout]    --> src/finality_proof.rs:670:4
[INFO] [stdout]     |
[INFO] [stdout] 670 |             H256::from_low_u64_be(1),
[INFO] [stdout]     |             ^^^^ not found in this scope
[INFO] [stdout]     |
[INFO] [stdout] help: consider importing one of these items
[INFO] [stdout]     |
[INFO] [stdout] 597 |     use crate::tests::H256;
[INFO] [stdout]     |
[INFO] [stdout] 597 |     use sp_core::H256;
[INFO] [stdout]     |
[INFO] [stdout] 597 |     use sp_runtime::testing::H256;
[INFO] [stdout]     |
[INFO] [stdout] 
[INFO] [stdout] 
[INFO] [stdout] error[E0412]: cannot find type `Block` in this scope
[INFO] [stdout]    --> src/finality_proof.rs:676:45
[INFO] [stdout]     |
[INFO] [stdout] 676 |     fn test_blockchain() -> InMemoryBlockchain<Block> {
[INFO] [stdout]     |                                                ^^^^^
[INFO] [stdout]     | 
[INFO] [stdout]    ::: /opt/rustwide/cargo-home/registry/src/github.com-1ecc6299db9ec823/sp-runtime-2.0.0-rc6/src/traits.rs:546:1
[INFO] [stdout]     |
[INFO] [stdout] 546 | pub trait Block: Clone + Send + Sync + Codec + Eq + MaybeSerialize + Debug + MaybeMallocSizeOf + 'static {
[INFO] [stdout]     | -------------------------------------------------------------------------------------------------------- similarly named trait `BlockT` defined here
[INFO] [stdout]     |
[INFO] [stdout] help: a trait with a similar name exists
[INFO] [stdout]     |
[INFO] [stdout] 676 |     fn test_blockchain() -> InMemoryBlockchain<BlockT> {
[INFO] [stdout]     |                                                ^^^^^^
[INFO] [stdout] help: consider importing one of these items
[INFO] [stdout]     |
[INFO] [stdout] 597 |     use sp_runtime::generic::Block;
[INFO] [stdout]     |
[INFO] [stdout] 597 |     use sp_runtime::testing::Block;
[INFO] [stdout]     |
[INFO] [stdout] 597 |     use sp_runtime::traits::Block;
[INFO] [stdout]     |
[INFO] [stdout] 
[INFO] [stdout] 
[INFO] [stdout] error[E0412]: cannot find type `Block` in this scope
[INFO] [stdout]    --> src/finality_proof.rs:677:41
[INFO] [stdout]     |
[INFO] [stdout] 677 |         let blockchain = InMemoryBlockchain::<Block>::new();
[INFO] [stdout]     |                                               ^^^^^
[INFO] [stdout]     | 
[INFO] [stdout]    ::: /opt/rustwide/cargo-home/registry/src/github.com-1ecc6299db9ec823/sp-runtime-2.0.0-rc6/src/traits.rs:546:1
[INFO] [stdout]     |
[INFO] [stdout] 546 | pub trait Block: Clone + Send + Sync + Codec + Eq + MaybeSerialize + Debug + MaybeMallocSizeOf + 'static {
[INFO] [stdout]     | -------------------------------------------------------------------------------------------------------- similarly named trait `BlockT` defined here
[INFO] [stdout]     |
[INFO] [stdout] help: a trait with a similar name exists
[INFO] [stdout]     |
[INFO] [stdout] 677 |         let blockchain = InMemoryBlockchain::<BlockT>::new();
[INFO] [stdout]     |                                               ^^^^^^
[INFO] [stdout] help: consider importing one of these items
[INFO] [stdout]     |
[INFO] [stdout] 597 |     use sp_runtime::generic::Block;
[INFO] [stdout]     |
[INFO] [stdout] 597 |     use sp_runtime::testing::Block;
[INFO] [stdout]     |
[INFO] [stdout] 597 |     use sp_runtime::traits::Block;
[INFO] [stdout]     |
[INFO] [stdout] 
[INFO] [stdout] 
[INFO] [stdout] error[E0412]: cannot find type `Block` in this scope
[INFO] [stdout]    --> src/light_import.rs:586:16
[INFO] [stdout]     |
[INFO] [stdout] 586 |     impl Verifier<Block> for OkVerifier {
[INFO] [stdout]     |                   ^^^^^
[INFO] [stdout]     | 
[INFO] [stdout]    ::: /opt/rustwide/cargo-home/registry/src/github.com-1ecc6299db9ec823/sp-runtime-2.0.0-rc6/src/traits.rs:546:1
[INFO] [stdout]     |
[INFO] [stdout] 546 | pub trait Block: Clone + Send + Sync + Codec + Eq + MaybeSerialize + Debug + MaybeMallocSizeOf + 'static {
[INFO] [stdout]     | -------------------------------------------------------------------------------------------------------- similarly named trait `BlockT` defined here
[INFO] [stdout]     |
[INFO] [stdout] help: a trait with a similar name exists
[INFO] [stdout]     |
[INFO] [stdout] 586 |     impl Verifier<BlockT> for OkVerifier {
[INFO] [stdout]     |                   ^^^^^^
[INFO] [stdout] help: consider importing one of these items
[INFO] [stdout]     |
[INFO] [stdout] 572 |     use sp_runtime::generic::Block;
[INFO] [stdout]     |
[INFO] [stdout] 572 |     use sp_runtime::testing::Block;
[INFO] [stdout]     |
[INFO] [stdout] 572 |     use sp_runtime::traits::Block;
[INFO] [stdout]     |
[INFO] [stdout] 
[INFO] [stdout] 
[INFO] [stdout] error[E0412]: cannot find type `Header` in this scope
[INFO] [stdout]    --> src/light_import.rs:590:12
[INFO] [stdout]     |
[INFO] [stdout] 590 |               header: Header,
[INFO] [stdout]     |                       ^^^^^^
[INFO] [stdout]     | 
[INFO] [stdout]    ::: /opt/rustwide/cargo-home/registry/src/github.com-1ecc6299db9ec823/sp-runtime-2.0.0-rc6/src/traits.rs:488:1
[INFO] [stdout]     |
[INFO] [stdout] 488 | / pub trait Header:
[INFO] [stdout] 489 | |     Clone + Send + Sync + Codec + Eq + MaybeSerialize + Debug +
[INFO] [stdout] 490 | |     MaybeMallocSizeOf + 'static
[INFO] [stdout] 491 | | {
[INFO] [stdout] ...   |
[INFO] [stdout] 539 | |     }
[INFO] [stdout] 540 | | }
[INFO] [stdout]     | |_- similarly named trait `HeaderT` defined here
[INFO] [stdout]     |
[INFO] [stdout] help: a trait with a similar name exists
[INFO] [stdout]     |
[INFO] [stdout] 590 |             header: HeaderT,
[INFO] [stdout]     |                     ^^^^^^^
[INFO] [stdout] help: consider importing one of these items
[INFO] [stdout]     |
[INFO] [stdout] 572 |     use crate::voting_rule::Header;
[INFO] [stdout]     |
[INFO] [stdout] 572 |     use sp_runtime::generic::Header;
[INFO] [stdout]     |
[INFO] [stdout] 572 |     use sp_runtime::testing::Header;
[INFO] [stdout]     |
[INFO] [stdout] 572 |     use sp_runtime::traits::Header;
[INFO] [stdout]     |
[INFO] [stdout] 
[INFO] [stdout] 
[INFO] [stdout] error[E0412]: cannot find type `Block` in this scope
[INFO] [stdout]    --> src/light_import.rs:592:23
[INFO] [stdout]     |
[INFO] [stdout] 592 |             _body: Option<Vec<<Block as BlockT>::Extrinsic>>,
[INFO] [stdout]     |                                ^^^^^
[INFO] [stdout]     | 
[INFO] [stdout]    ::: /opt/rustwide/cargo-home/registry/src/github.com-1ecc6299db9ec823/sp-runtime-2.0.0-rc6/src/traits.rs:546:1
[INFO] [stdout]     |
[INFO] [stdout] 546 | pub trait Block: Clone + Send + Sync + Codec + Eq + MaybeSerialize + Debug + MaybeMallocSizeOf + 'static {
[INFO] [stdout]     | -------------------------------------------------------------------------------------------------------- similarly named trait `BlockT` defined here
[INFO] [stdout]     |
[INFO] [stdout] help: a trait with a similar name exists
[INFO] [stdout]     |
[INFO] [stdout] 592 |             _body: Option<Vec<<BlockT as BlockT>::Extrinsic>>,
[INFO] [stdout]     |                                ^^^^^^
[INFO] [stdout] help: consider importing one of these items
[INFO] [stdout]     |
[INFO] [stdout] 572 |     use sp_runtime::generic::Block;
[INFO] [stdout]     |
[INFO] [stdout] 572 |     use sp_runtime::testing::Block;
[INFO] [stdout]     |
[INFO] [stdout] 572 |     use sp_runtime::traits::Block;
[INFO] [stdout]     |
[INFO] [stdout] 
[INFO] [stdout] 
[INFO] [stdout] error[E0412]: cannot find type `Block` in this scope
[INFO] [stdout]    --> src/light_import.rs:593:34
[INFO] [stdout]     |
[INFO] [stdout] 593 |         ) -> Result<(BlockImportParams<Block, ()>, Option<Vec<(CacheKeyId, Vec<u8>)>>), String> {
[INFO] [stdout]     |                                        ^^^^^
[INFO] [stdout]     | 
[INFO] [stdout]    ::: /opt/rustwide/cargo-home/registry/src/github.com-1ecc6299db9ec823/sp-runtime-2.0.0-rc6/src/traits.rs:546:1
[INFO] [stdout]     |
[INFO] [stdout] 546 | pub trait Block: Clone + Send + Sync + Codec + Eq + MaybeSerialize + Debug + MaybeMallocSizeOf + 'static {
[INFO] [stdout]     | -------------------------------------------------------------------------------------------------------- similarly named trait `BlockT` defined here
[INFO] [stdout]     |
[INFO] [stdout] help: a trait with a similar name exists
[INFO] [stdout]     |
[INFO] [stdout] 593 |         ) -> Result<(BlockImportParams<BlockT, ()>, Option<Vec<(CacheKeyId, Vec<u8>)>>), String> {
[INFO] [stdout]     |                                        ^^^^^^
[INFO] [stdout] help: consider importing one of these items
[INFO] [stdout]     |
[INFO] [stdout] 572 |     use sp_runtime::generic::Block;
[INFO] [stdout]     |
[INFO] [stdout] 572 |     use sp_runtime::testing::Block;
[INFO] [stdout]     |
[INFO] [stdout] 572 |     use sp_runtime::traits::Block;
[INFO] [stdout]     |
[INFO] [stdout] 
[INFO] [stdout] 
[INFO] [stdout] error[E0412]: cannot find type `Block` in this scope
[INFO] [stdout]    --> src/light_import.rs:694:140
[INFO] [stdout]     |
[INFO] [stdout] 694 | ...ghtBackend, substrate_test_runtime_client::LightExecutor, Block, substrate_test_runtime_client::runtime::RuntimeApi>,
[INFO] [stdout]     |                                                                    ^^^^^
[INFO] [stdout]     | 
[INFO] [stdout]    ::: /opt/rustwide/cargo-home/registry/src/github.com-1ecc6299db9ec823/sp-runtime-2.0.0-rc6/src/traits.rs:546:1
[INFO] [stdout]     |
[INFO] [stdout] 546 | pub trait Block: Clone + Send + Sync + Codec + Eq + MaybeSerialize + Debug + MaybeMallocSizeOf + 'static {
[INFO] [stdout]     | -------------------------------------------------------------------------------------------------------- similarly named trait `BlockT` defined here
[INFO] [stdout]     |
[INFO] [stdout] help: a trait with a similar name exists
[INFO] [stdout]     |
[INFO] [stdout] 694 |         substrate_test_runtime_client::client::Client<substrate_test_runtime_client::LightBackend, substrate_test_runtime_client::LightExecutor, BlockT, substrate_test_runtime_client::runtime::RuntimeApi>,
[INFO] [stdout]     |                                                                                                                                                  ^^^^^^
[INFO] [stdout] help: consider importing one of these items
[INFO] [stdout]     |
[INFO] [stdout] 572 |     use sp_runtime::generic::Block;
[INFO] [stdout]     |
[INFO] [stdout] 572 |     use sp_runtime::testing::Block;
[INFO] [stdout]     |
[INFO] [stdout] 572 |     use sp_runtime::traits::Block;
[INFO] [stdout]     |
[INFO] [stdout] 
[INFO] [stdout] 
[INFO] [stdout] error[E0422]: cannot find struct, variant or union type `Header` in this scope
[INFO] [stdout]    --> src/light_import.rs:705:4
[INFO] [stdout]     |
[INFO] [stdout] 705 |             Header {
[INFO] [stdout]     |             ^^^^^^ not found in this scope
[INFO] [stdout]     |
[INFO] [stdout] help: consider importing one of these items
[INFO] [stdout]     |
[INFO] [stdout] 572 |     use sp_runtime::generic::Header;
[INFO] [stdout]     |
[INFO] [stdout] 572 |     use sp_runtime::testing::Header;
[INFO] [stdout]     |
[INFO] [stdout] 
[INFO] [stdout] 
[INFO] [stdout] error[E0412]: cannot find type `Block` in this scope
[INFO] [stdout]    --> src/light_import.rs:788:38
[INFO] [stdout]     |
[INFO] [stdout] 788 |         let aux_store = InMemoryAuxStore::<Block>::new();
[INFO] [stdout]     |                                            ^^^^^
[INFO] [stdout]     | 
[INFO] [stdout]    ::: /opt/rustwide/cargo-home/registry/src/github.com-1ecc6299db9ec823/sp-runtime-2.0.0-rc6/src/traits.rs:546:1
[INFO] [stdout]     |
[INFO] [stdout] 546 | pub trait Block: Clone + Send + Sync + Codec + Eq + MaybeSerialize + Debug + MaybeMallocSizeOf + 'static {
[INFO] [stdout]     | -------------------------------------------------------------------------------------------------------- similarly named trait `BlockT` defined here
[INFO] [stdout]     |
[INFO] [stdout] help: a trait with a similar name exists
[INFO] [stdout]     |
[INFO] [stdout] 788 |         let aux_store = InMemoryAuxStore::<BlockT>::new();
[INFO] [stdout]     |                                            ^^^^^^
[INFO] [stdout] help: consider importing one of these items
[INFO] [stdout]     |
[INFO] [stdout] 572 |     use sp_runtime::generic::Block;
[INFO] [stdout]     |
[INFO] [stdout] 572 |     use sp_runtime::testing::Block;
[INFO] [stdout]     |
[INFO] [stdout] 572 |     use sp_runtime::traits::Block;
[INFO] [stdout]     |
[INFO] [stdout] 
[INFO] [stdout] 
[INFO] [stdout] error[E0412]: cannot find type `Block` in this scope
[INFO] [stdout]    --> src/light_import.rs:803:38
[INFO] [stdout]     |
[INFO] [stdout] 803 |         let aux_store = InMemoryAuxStore::<Block>::new();
[INFO] [stdout]     |                                            ^^^^^
[INFO] [stdout]     | 
[INFO] [stdout]    ::: /opt/rustwide/cargo-home/registry/src/github.com-1ecc6299db9ec823/sp-runtime-2.0.0-rc6/src/traits.rs:546:1
[INFO] [stdout]     |
[INFO] [stdout] 546 | pub trait Block: Clone + Send + Sync + Codec + Eq + MaybeSerialize + Debug + MaybeMallocSizeOf + 'static {
[INFO] [stdout]     | -------------------------------------------------------------------------------------------------------- similarly named trait `BlockT` defined here
[INFO] [stdout]     |
[INFO] [stdout] help: a trait with a similar name exists
[INFO] [stdout]     |
[INFO] [stdout] 803 |         let aux_store = InMemoryAuxStore::<BlockT>::new();
[INFO] [stdout]     |                                            ^^^^^^
[INFO] [stdout] help: consider importing one of these items
[INFO] [stdout]     |
[INFO] [stdout] 572 |     use sp_runtime::generic::Block;
[INFO] [stdout]     |
[INFO] [stdout] 572 |     use sp_runtime::testing::Block;
[INFO] [stdout]     |
[INFO] [stdout] 572 |     use sp_runtime::traits::Block;
[INFO] [stdout]     |
[INFO] [stdout] 
[INFO] [stdout] 
[INFO] [stdout] error[E0412]: cannot find type `Header` in this scope
[INFO] [stdout]    --> src/light_import.rs:863:29
[INFO] [stdout]     |
[INFO] [stdout] 863 |                   FinalityProofFragment::<Header> {
[INFO] [stdout]     |                                           ^^^^^^
[INFO] [stdout]     | 
[INFO] [stdout]    ::: /opt/rustwide/cargo-home/registry/src/github.com-1ecc6299db9ec823/sp-runtime-2.0.0-rc6/src/traits.rs:488:1
[INFO] [stdout]     |
[INFO] [stdout] 488 | / pub trait Header:
[INFO] [stdout] 489 | |     Clone + Send + Sync + Codec + Eq + MaybeSerialize + Debug +
[INFO] [stdout] 490 | |     MaybeMallocSizeOf + 'static
[INFO] [stdout] 491 | | {
[INFO] [stdout] ...   |
[INFO] [stdout] 539 | |     }
[INFO] [stdout] 540 | | }
[INFO] [stdout]     | |_- similarly named trait `HeaderT` defined here
[INFO] [stdout]     |
[INFO] [stdout] help: a trait with a similar name exists
[INFO] [stdout]     |
[INFO] [stdout] 863 |                 FinalityProofFragment::<HeaderT> {
[INFO] [stdout]     |                                         ^^^^^^^
[INFO] [stdout] help: consider importing one of these items
[INFO] [stdout]     |
[INFO] [stdout] 572 |     use crate::voting_rule::Header;
[INFO] [stdout]     |
[INFO] [stdout] 572 |     use sp_runtime::generic::Header;
[INFO] [stdout]     |
[INFO] [stdout] 572 |     use sp_runtime::testing::Header;
[INFO] [stdout]     |
[INFO] [stdout] 572 |     use sp_runtime::traits::Header;
[INFO] [stdout]     |
[INFO] [stdout] 
[INFO] [stdout] 
[INFO] [stdout] error[E0412]: cannot find type `Block` in this scope
[INFO] [stdout]    --> src/until_imported.rs:559:58
[INFO] [stdout]     |
[INFO] [stdout] 559 |         sender: TracingUnboundedSender<BlockImportNotification<Block>>,
[INFO] [stdout]     |                                                                ^^^^^
[INFO] [stdout]     | 
[INFO] [stdout]    ::: /opt/rustwide/cargo-home/registry/src/github.com-1ecc6299db9ec823/sp-runtime-2.0.0-rc6/src/traits.rs:546:1
[INFO] [stdout]     |
[INFO] [stdout] 546 | pub trait Block: Clone + Send + Sync + Codec + Eq + MaybeSerialize + Debug + MaybeMallocSizeOf + 'static {
[INFO] [stdout]     | -------------------------------------------------------------------------------------------------------- similarly named trait `BlockT` defined here
[INFO] [stdout]     |
[INFO] [stdout] help: a trait with a similar name exists
[INFO] [stdout]     |
[INFO] [stdout] 559 |         sender: TracingUnboundedSender<BlockImportNotification<BlockT>>,
[INFO] [stdout]     |                                                                ^^^^^^
[INFO] [stdout] help: consider importing one of these items
[INFO] [stdout]     |
[INFO] [stdout] 547 |     use sp_runtime::generic::Block;
[INFO] [stdout]     |
[INFO] [stdout] 547 |     use sp_runtime::testing::Block;
[INFO] [stdout]     |
[INFO] [stdout] 547 |     use sp_runtime::traits::Block;
[INFO] [stdout]     |
[INFO] [stdout] 
[INFO] [stdout] 
[INFO] [stdout] error[E0412]: cannot find type `Hash` in this scope
[INFO] [stdout]    --> src/until_imported.rs:560:35
[INFO] [stdout]     |
[INFO] [stdout] 560 |         known_blocks: Arc<Mutex<HashMap<Hash, u64>>>,
[INFO] [stdout]     |                                         ^^^^ not found in this scope
[INFO] [stdout]     |
[INFO] [stdout] help: consider importing one of these items
[INFO] [stdout]     |
[INFO] [stdout] 547 |     use core::hash::Hash;
[INFO] [stdout]     |
[INFO] [stdout] 547 |     use crate::communication::mpsc::queue::ptr::hash::Hash;
[INFO] [stdout]     |
[INFO] [stdout] 547 |     use sp_runtime::traits::Hash;
[INFO] [stdout]     |
[INFO] [stdout] 547 |     use std::hash::Hash;
[INFO] [stdout]     |
[INFO] [stdout] 
[INFO] [stdout] 
[INFO] [stdout] error[E0412]: cannot find type `Block` in this scope
[INFO] [stdout]    --> src/until_imported.rs:564:42
[INFO] [stdout]     |
[INFO] [stdout] 564 |         fn new() -> (Self, ImportNotifications<Block>) {
[INFO] [stdout]     |                                                ^^^^^
[INFO] [stdout]     | 
[INFO] [stdout]    ::: /opt/rustwide/cargo-home/registry/src/github.com-1ecc6299db9ec823/sp-runtime-2.0.0-rc6/src/traits.rs:546:1
[INFO] [stdout]     |
[INFO] [stdout] 546 | pub trait Block: Clone + Send + Sync + Codec + Eq + MaybeSerialize + Debug + MaybeMallocSizeOf + 'static {
[INFO] [stdout]     | -------------------------------------------------------------------------------------------------------- similarly named trait `BlockT` defined here
[INFO] [stdout]     |
[INFO] [stdout] help: a trait with a similar name exists
[INFO] [stdout]     |
[INFO] [stdout] 564 |         fn new() -> (Self, ImportNotifications<BlockT>) {
[INFO] [stdout]     |                                                ^^^^^^
[INFO] [stdout] help: consider importing one of these items
[INFO] [stdout]     |
[INFO] [stdout] 547 |     use sp_runtime::generic::Block;
[INFO] [stdout]     |
[INFO] [stdout] 547 |     use sp_runtime::testing::Block;
[INFO] [stdout]     |
[INFO] [stdout] 547 |     use sp_runtime::traits::Block;
[INFO] [stdout]     |
[INFO] [stdout] 
[INFO] [stdout] 
[INFO] [stdout] error[E0412]: cannot find type `Header` in this scope
[INFO] [stdout]    --> src/until_imported.rs:578:35
[INFO] [stdout]     |
[INFO] [stdout] 578 |           fn import_header(&self, header: Header) {
[INFO] [stdout]     |                                           ^^^^^^
[INFO] [stdout]     | 
[INFO] [stdout]    ::: /opt/rustwide/cargo-home/registry/src/github.com-1ecc6299db9ec823/sp-runtime-2.0.0-rc6/src/traits.rs:488:1
[INFO] [stdout]     |
[INFO] [stdout] 488 | / pub trait Header:
[INFO] [stdout] 489 | |     Clone + Send + Sync + Codec + Eq + MaybeSerialize + Debug +
[INFO] [stdout] 490 | |     MaybeMallocSizeOf + 'static
[INFO] [stdout] 491 | | {
[INFO] [stdout] ...   |
[INFO] [stdout] 539 | |     }
[INFO] [stdout] 540 | | }
[INFO] [stdout]     | |_- similarly named trait `HeaderT` defined here
[INFO] [stdout]     |
[INFO] [stdout] help: a trait with a similar name exists
[INFO] [stdout]     |
[INFO] [stdout] 578 |         fn import_header(&self, header: HeaderT) {
[INFO] [stdout]     |                                         ^^^^^^^
[INFO] [stdout] help: consider importing one of these items
[INFO] [stdout]     |
[INFO] [stdout] 547 |     use crate::voting_rule::Header;
[INFO] [stdout]     |
[INFO] [stdout] 547 |     use sp_runtime::generic::Header;
[INFO] [stdout]     |
[INFO] [stdout] 547 |     use sp_runtime::testing::Header;
[INFO] [stdout]     |
[INFO] [stdout] 547 |     use sp_runtime::traits::Header;
[INFO] [stdout]     |
[INFO] [stdout] 
[INFO] [stdout] 
[INFO] [stdout] error[E0412]: cannot find type `Hash` in this scope
[INFO] [stdout]    --> src/until_imported.rs:594:28
[INFO] [stdout]     |
[INFO] [stdout] 594 |         inner: Arc<Mutex<HashMap<Hash, u64>>>,
[INFO] [stdout]     |                                  ^^^^ not found in this scope
[INFO] [stdout]     |
[INFO] [stdout] help: consider importing one of these items
[INFO] [stdout]     |
[INFO] [stdout] 547 |     use core::hash::Hash;
[INFO] [stdout]     |
[INFO] [stdout] 547 |     use crate::communication::mpsc::queue::ptr::hash::Hash;
[INFO] [stdout]     |
[INFO] [stdout] 547 |     use sp_runtime::traits::Hash;
[INFO] [stdout]     |
[INFO] [stdout] 547 |     use std::hash::Hash;
[INFO] [stdout]     |
[INFO] [stdout] 
[INFO] [stdout] 
[INFO] [stdout] error[E0412]: cannot find type `Block` in this scope
[INFO] [stdout]    --> src/until_imported.rs:597:20
[INFO] [stdout]     |
[INFO] [stdout] 597 |     impl BlockStatusT<Block> for TestBlockStatus {
[INFO] [stdout]     |                       ^^^^^
[INFO] [stdout]     | 
[INFO] [stdout]    ::: /opt/rustwide/cargo-home/registry/src/github.com-1ecc6299db9ec823/sp-runtime-2.0.0-rc6/src/traits.rs:546:1
[INFO] [stdout]     |
[INFO] [stdout] 546 | pub trait Block: Clone + Send + Sync + Codec + Eq + MaybeSerialize + Debug + MaybeMallocSizeOf + 'static {
[INFO] [stdout]     | -------------------------------------------------------------------------------------------------------- similarly named trait `BlockT` defined here
[INFO] [stdout]     |
[INFO] [stdout] help: a trait with a similar name exists
[INFO] [stdout]     |
[INFO] [stdout] 597 |     impl BlockStatusT<BlockT> for TestBlockStatus {
[INFO] [stdout]     |                       ^^^^^^
[INFO] [stdout] help: consider importing one of these items
[INFO] [stdout]     |
[INFO] [stdout] 547 |     use sp_runtime::generic::Block;
[INFO] [stdout]     |
[INFO] [stdout] 547 |     use sp_runtime::testing::Block;
[INFO] [stdout]     |
[INFO] [stdout] 547 |     use sp_runtime::traits::Block;
[INFO] [stdout]     |
[INFO] [stdout] 
[INFO] [stdout] 
[INFO] [stdout] error[E0412]: cannot find type `Hash` in this scope
[INFO] [stdout]    --> src/until_imported.rs:598:32
[INFO] [stdout]     |
[INFO] [stdout] 598 |         fn block_number(&self, hash: Hash) -> Result<Option<u64>, Error> {
[INFO] [stdout]     |                                      ^^^^ not found in this scope
[INFO] [stdout]     |
[INFO] [stdout] help: consider importing one of these items
[INFO] [stdout]     |
[INFO] [stdout] 547 |     use core::hash::Hash;
[INFO] [stdout]     |
[INFO] [stdout] 547 |     use crate::communication::mpsc::queue::ptr::hash::Hash;
[INFO] [stdout]     |
[INFO] [stdout] 547 |     use sp_runtime::traits::Hash;
[INFO] [stdout]     |
[INFO] [stdout] 547 |     use std::hash::Hash;
[INFO] [stdout]     |
[INFO] [stdout] 
[INFO] [stdout] 
[INFO] [stdout] error[E0412]: cannot find type `Hash` in this scope
[INFO] [stdout]    --> src/until_imported.rs:605:28
[INFO] [stdout]     |
[INFO] [stdout] 605 |         requests: Arc<Mutex<Vec<(Hash, NumberFor<Block>)>>>,
[INFO] [stdout]     |                                  ^^^^ not found in this scope
[INFO] [stdout]     |
[INFO] [stdout] help: consider importing one of these items
[INFO] [stdout]     |
[INFO] [stdout] 547 |     use core::hash::Hash;
[INFO] [stdout]     |
[INFO] [stdout] 547 |     use crate::communication::mpsc::queue::ptr::hash::Hash;
[INFO] [stdout]     |
[INFO] [stdout] 547 |     use sp_runtime::traits::Hash;
[INFO] [stdout]     |
[INFO] [stdout] 547 |     use std::hash::Hash;
[INFO] [stdout]     |
[INFO] [stdout] 
[INFO] [stdout] 
[INFO] [stdout] error[E0412]: cannot find type `Block` in this scope
[INFO] [stdout]    --> src/until_imported.rs:605:44
[INFO] [stdout]     |
[INFO] [stdout] 605 |         requests: Arc<Mutex<Vec<(Hash, NumberFor<Block>)>>>,
[INFO] [stdout]     |                                                  ^^^^^
[INFO] [stdout]     | 
[INFO] [stdout]    ::: /opt/rustwide/cargo-home/registry/src/github.com-1ecc6299db9ec823/sp-runtime-2.0.0-rc6/src/traits.rs:546:1
[INFO] [stdout]     |
[INFO] [stdout] 546 | pub trait Block: Clone + Send + Sync + Codec + Eq + MaybeSerialize + Debug + MaybeMallocSizeOf + 'static {
[INFO] [stdout]     | -------------------------------------------------------------------------------------------------------- similarly named trait `BlockT` defined here
[INFO] [stdout]     |
[INFO] [stdout] help: a trait with a similar name exists
[INFO] [stdout]     |
[INFO] [stdout] 605 |         requests: Arc<Mutex<Vec<(Hash, NumberFor<BlockT>)>>>,
[INFO] [stdout]     |                                                  ^^^^^^
[INFO] [stdout] help: consider importing one of these items
[INFO] [stdout]     |
[INFO] [stdout] 547 |     use sp_runtime::generic::Block;
[INFO] [stdout]     |
[INFO] [stdout] 547 |     use sp_runtime::testing::Block;
[INFO] [stdout]     |
[INFO] [stdout] 547 |     use sp_runtime::traits::Block;
[INFO] [stdout]     |
[INFO] [stdout] 
[INFO] [stdout] 
[INFO] [stdout] error[E0412]: cannot find type `Block` in this scope
[INFO] [stdout]    --> src/until_imported.rs:616:27
[INFO] [stdout]     |
[INFO] [stdout] 616 |     impl BlockSyncRequesterT<Block> for TestBlockSyncRequester {
[INFO] [stdout]     |                              ^^^^^
[INFO] [stdout]     | 
[INFO] [stdout]    ::: /opt/rustwide/cargo-home/registry/src/github.com-1ecc6299db9ec823/sp-runtime-2.0.0-rc6/src/traits.rs:546:1
[INFO] [stdout]     |
[INFO] [stdout] 546 | pub trait Block: Clone + Send + Sync + Codec + Eq + MaybeSerialize + Debug + MaybeMallocSizeOf + 'static {
[INFO] [stdout]     | -------------------------------------------------------------------------------------------------------- similarly named trait `BlockT` defined here
[INFO] [stdout]     |
[INFO] [stdout] help: a trait with a similar name exists
[INFO] [stdout]     |
[INFO] [stdout] 616 |     impl BlockSyncRequesterT<BlockT> for TestBlockSyncRequester {
[INFO] [stdout]     |                              ^^^^^^
[INFO] [stdout] help: consider importing one of these items
[INFO] [stdout]     |
[INFO] [stdout] 547 |     use sp_runtime::generic::Block;
[INFO] [stdout]     |
[INFO] [stdout] 547 |     use sp_runtime::testing::Block;
[INFO] [stdout]     |
[INFO] [stdout] 547 |     use sp_runtime::traits::Block;
[INFO] [stdout]     |
[INFO] [stdout] 
[INFO] [stdout] 
[INFO] [stdout] error[E0412]: cannot find type `Hash` in this scope
[INFO] [stdout]    --> src/until_imported.rs:617:74
[INFO] [stdout]     |
[INFO] [stdout] 617 |         fn set_sync_fork_request(&self, _peers: Vec<sc_network::PeerId>, hash: Hash, number: NumberFor<Block>) {
[INFO] [stdout]     |                                                                                ^^^^ not found in this scope
[INFO] [stdout]     |
[INFO] [stdout] help: consider importing one of these items
[INFO] [stdout]     |
[INFO] [stdout] 547 |     use core::hash::Hash;
[INFO] [stdout]     |
[INFO] [stdout] 547 |     use crate::communication::mpsc::queue::ptr::hash::Hash;
[INFO] [stdout]     |
[INFO] [stdout] 547 |     use sp_runtime::traits::Hash;
[INFO] [stdout]     |
[INFO] [stdout] 547 |     use std::hash::Hash;
[INFO] [stdout]     |
[INFO] [stdout] 
[INFO] [stdout] 
[INFO] [stdout] error[E0412]: cannot find type `Block` in this scope
[INFO] [stdout]    --> src/until_imported.rs:617:98
[INFO] [stdout]     |
[INFO] [stdout] 617 |         fn set_sync_fork_request(&self, _peers: Vec<sc_network::PeerId>, hash: Hash, number: NumberFor<Block>) {
[INFO] [stdout]     |                                                                                                        ^^^^^
[INFO] [stdout]     | 
[INFO] [stdout]    ::: /opt/rustwide/cargo-home/registry/src/github.com-1ecc6299db9ec823/sp-runtime-2.0.0-rc6/src/traits.rs:546:1
[INFO] [stdout]     |
[INFO] [stdout] 546 | pub trait Block: Clone + Send + Sync + Codec + Eq + MaybeSerialize + Debug + MaybeMallocSizeOf + 'static {
[INFO] [stdout]     | -------------------------------------------------------------------------------------------------------- similarly named trait `BlockT` defined here
[INFO] [stdout]     |
[INFO] [stdout] help: a trait with a similar name exists
[INFO] [stdout]     |
[INFO] [stdout] 617 |         fn set_sync_fork_request(&self, _peers: Vec<sc_network::PeerId>, hash: Hash, number: NumberFor<BlockT>) {
[INFO] [stdout]     |                                                                                                        ^^^^^^
[INFO] [stdout] help: consider importing one of these items
[INFO] [stdout]     |
[INFO] [stdout] 547 |     use sp_runtime::generic::Block;
[INFO] [stdout]     |
[INFO] [stdout] 547 |     use sp_runtime::testing::Block;
[INFO] [stdout]     |
[INFO] [stdout] 547 |     use sp_runtime::traits::Block;
[INFO] [stdout]     |
[INFO] [stdout] 
[INFO] [stdout] 
[INFO] [stdout] error[E0412]: cannot find type `Header` in this scope
[INFO] [stdout]    --> src/until_imported.rs:622:33
[INFO] [stdout]     |
[INFO] [stdout] 622 |       fn make_header(number: u64) -> Header {
[INFO] [stdout]     |                                      ^^^^^^
[INFO] [stdout]     | 
[INFO] [stdout]    ::: /opt/rustwide/cargo-home/registry/src/github.com-1ecc6299db9ec823/sp-runtime-2.0.0-rc6/src/traits.rs:488:1
[INFO] [stdout]     |
[INFO] [stdout] 488 | / pub trait Header:
[INFO] [stdout] 489 | |     Clone + Send + Sync + Codec + Eq + MaybeSerialize + Debug +
[INFO] [stdout] 490 | |     MaybeMallocSizeOf + 'static
[INFO] [stdout] 491 | | {
[INFO] [stdout] ...   |
[INFO] [stdout] 539 | |     }
[INFO] [stdout] 540 | | }
[INFO] [stdout]     | |_- similarly named trait `HeaderT` defined here
[INFO] [stdout]     |
[INFO] [stdout] help: a trait with a similar name exists
[INFO] [stdout]     |
[INFO] [stdout] 622 |     fn make_header(number: u64) -> HeaderT {
[INFO] [stdout]     |                                    ^^^^^^^
[INFO] [stdout] help: consider importing one of these items
[INFO] [stdout]     |
[INFO] [stdout] 547 |     use crate::voting_rule::Header;
[INFO] [stdout]     |
[INFO] [stdout] 547 |     use sp_runtime::generic::Header;
[INFO] [stdout]     |
[INFO] [stdout] 547 |     use sp_runtime::testing::Header;
[INFO] [stdout]     |
[INFO] [stdout] 547 |     use sp_runtime::traits::Header;
[INFO] [stdout]     |
[INFO] [stdout] 
[INFO] [stdout] 
[INFO] [stdout] error[E0433]: failed to resolve: use of undeclared type or module `Header`
[INFO] [stdout]    --> src/until_imported.rs:623:3
[INFO] [stdout]     |
[INFO] [stdout] 623 |           Header::new(
[INFO] [stdout]     |           ^^^^^^
[INFO] [stdout]     | 
[INFO] [stdout]    ::: /opt/rustwide/cargo-home/registry/src/github.com-1ecc6299db9ec823/sp-runtime-2.0.0-rc6/src/traits.rs:488:1
[INFO] [stdout]     |
[INFO] [stdout] 488 | / pub trait Header:
[INFO] [stdout] 489 | |     Clone + Send + Sync + Codec + Eq + MaybeSerialize + Debug +
[INFO] [stdout] 490 | |     MaybeMallocSizeOf + 'static
[INFO] [stdout] 491 | | {
[INFO] [stdout] ...   |
[INFO] [stdout] 539 | |     }
[INFO] [stdout] 540 | | }
[INFO] [stdout]     | |_- similarly named trait `HeaderT` defined here
[INFO] [stdout]     |
[INFO] [stdout] help: a trait with a similar name exists
[INFO] [stdout]     |
[INFO] [stdout] 623 |         HeaderT::new(
[INFO] [stdout]     |         ^^^^^^^
[INFO] [stdout] help: consider importing one of these items
[INFO] [stdout]     |
[INFO] [stdout] 547 |     use crate::voting_rule::Header;
[INFO] [stdout]     |
[INFO] [stdout] 547 |     use sp_runtime::generic::Header;
[INFO] [stdout]     |
[INFO] [stdout] 547 |     use sp_runtime::testing::Header;
[INFO] [stdout]     |
[INFO] [stdout] 547 |     use sp_runtime::traits::Header;
[INFO] [stdout]     |
[INFO] [stdout] 
[INFO] [stdout] 
[INFO] [stdout] error[E0412]: cannot find type `Block` in this scope
[INFO] [stdout]    --> src/until_imported.rs:634:41
[INFO] [stdout]     |
[INFO] [stdout] 634 |     fn unapply_commit(msg: CommunicationIn<Block>) -> (u64, CompactCommit::<Block>) {
[INFO] [stdout]     |                                            ^^^^^
[INFO] [stdout]     | 
[INFO] [stdout]    ::: /opt/rustwide/cargo-home/registry/src/github.com-1ecc6299db9ec823/sp-runtime-2.0.0-rc6/src/traits.rs:546:1
[INFO] [stdout]     |
[INFO] [stdout] 546 | pub trait Block: Clone + Send + Sync + Codec + Eq + MaybeSerialize + Debug + MaybeMallocSizeOf + 'static {
[INFO] [stdout]     | -------------------------------------------------------------------------------------------------------- similarly named trait `BlockT` defined here
[INFO] [stdout]     |
[INFO] [stdout] help: a trait with a similar name exists
[INFO] [stdout]     |
[INFO] [stdout] 634 |     fn unapply_commit(msg: CommunicationIn<BlockT>) -> (u64, CompactCommit::<Block>) {
[INFO] [stdout]     |                                            ^^^^^^
[INFO] [stdout] help: consider importing one of these items
[INFO] [stdout]     |
[INFO] [stdout] 547 |     use sp_runtime::generic::Block;
[INFO] [stdout]     |
[INFO] [stdout] 547 |     use sp_runtime::testing::Block;
[INFO] [stdout]     |
[INFO] [stdout] 547 |     use sp_runtime::traits::Block;
[INFO] [stdout]     |
[INFO] [stdout] 
[INFO] [stdout] 
[INFO] [stdout] error[E0412]: cannot find type `Block` in this scope
[INFO] [stdout]    --> src/until_imported.rs:634:74
[INFO] [stdout]     |
[INFO] [stdout] 634 |     fn unapply_commit(msg: CommunicationIn<Block>) -> (u64, CompactCommit::<Block>) {
[INFO] [stdout]     |                                                                             ^^^^^
[INFO] [stdout]     | 
[INFO] [stdout]    ::: /opt/rustwide/cargo-home/registry/src/github.com-1ecc6299db9ec823/sp-runtime-2.0.0-rc6/src/traits.rs:546:1
[INFO] [stdout]     |
[INFO] [stdout] 546 | pub trait Block: Clone + Send + Sync + Codec + Eq + MaybeSerialize + Debug + MaybeMallocSizeOf + 'static {
[INFO] [stdout]     | -------------------------------------------------------------------------------------------------------- similarly named trait `BlockT` defined here
[INFO] [stdout]     |
[INFO] [stdout] help: a trait with a similar name exists
[INFO] [stdout]     |
[INFO] [stdout] 634 |     fn unapply_commit(msg: CommunicationIn<Block>) -> (u64, CompactCommit::<BlockT>) {
[INFO] [stdout]     |                                                                             ^^^^^^
[INFO] [stdout] help: consider importing one of these items
[INFO] [stdout]     |
[INFO] [stdout] 547 |     use sp_runtime::generic::Block;
[INFO] [stdout]     |
[INFO] [stdout] 547 |     use sp_runtime::testing::Block;
[INFO] [stdout]     |
[INFO] [stdout] 547 |     use sp_runtime::traits::Block;
[INFO] [stdout]     |
[INFO] [stdout] 
[INFO] [stdout] 
[INFO] [stdout] error[E0412]: cannot find type `Block` in this scope
[INFO] [stdout]    --> src/until_imported.rs:643:43
[INFO] [stdout]     |
[INFO] [stdout] 643 |     fn unapply_catch_up(msg: CommunicationIn<Block>) -> CatchUp<Block> {
[INFO] [stdout]     |                                              ^^^^^
[INFO] [stdout]     | 
[INFO] [stdout]    ::: /opt/rustwide/cargo-home/registry/src/github.com-1ecc6299db9ec823/sp-runtime-2.0.0-rc6/src/traits.rs:546:1
[INFO] [stdout]     |
[INFO] [stdout] 546 | pub trait Block: Clone + Send + Sync + Codec + Eq + MaybeSerialize + Debug + MaybeMallocSizeOf + 'static {
[INFO] [stdout]     | -------------------------------------------------------------------------------------------------------- similarly named trait `BlockT` defined here
[INFO] [stdout]     |
[INFO] [stdout] help: a trait with a similar name exists
[INFO] [stdout]     |
[INFO] [stdout] 643 |     fn unapply_catch_up(msg: CommunicationIn<BlockT>) -> CatchUp<Block> {
[INFO] [stdout]     |                                              ^^^^^^
[INFO] [stdout] help: consider importing one of these items
[INFO] [stdout]     |
[INFO] [stdout] 547 |     use sp_runtime::generic::Block;
[INFO] [stdout]     |
[INFO] [stdout] 547 |     use sp_runtime::testing::Block;
[INFO] [stdout]     |
[INFO] [stdout] 547 |     use sp_runtime::traits::Block;
[INFO] [stdout]     |
[INFO] [stdout] 
[INFO] [stdout] 
[INFO] [stdout] error[E0412]: cannot find type `Block` in this scope
[INFO] [stdout]    --> src/until_imported.rs:643:62
[INFO] [stdout]     |
[INFO] [stdout] 643 |     fn unapply_catch_up(msg: CommunicationIn<Block>) -> CatchUp<Block> {
[INFO] [stdout]     |                                                                 ^^^^^
[INFO] [stdout]     | 
[INFO] [stdout]    ::: /opt/rustwide/cargo-home/registry/src/github.com-1ecc6299db9ec823/sp-runtime-2.0.0-rc6/src/traits.rs:546:1
[INFO] [stdout]     |
[INFO] [stdout] 546 | pub trait Block: Clone + Send + Sync + Codec + Eq + MaybeSerialize + Debug + MaybeMallocSizeOf + 'static {
[INFO] [stdout]     | -------------------------------------------------------------------------------------------------------- similarly named trait `BlockT` defined here
[INFO] [stdout]     |
[INFO] [stdout] help: a trait with a similar name exists
[INFO] [stdout]     |
[INFO] [stdout] 643 |     fn unapply_catch_up(msg: CommunicationIn<Block>) -> CatchUp<BlockT> {
[INFO] [stdout]     |                                                                 ^^^^^^
[INFO] [stdout] help: consider importing one of these items
[INFO] [stdout]     |
[INFO] [stdout] 547 |     use sp_runtime::generic::Block;
[INFO] [stdout]     |
[INFO] [stdout] 547 |     use sp_runtime::testing::Block;
[INFO] [stdout]     |
[INFO] [stdout] 547 |     use sp_runtime::traits::Block;
[INFO] [stdout]     |
[INFO] [stdout] 
[INFO] [stdout] 
[INFO] [stdout] error[E0412]: cannot find type `Block` in this scope
[INFO] [stdout]    --> src/until_imported.rs:651:24
[INFO] [stdout]     |
[INFO] [stdout] 651 |         msg: CommunicationIn<Block>,
[INFO] [stdout]     |                              ^^^^^
[INFO] [stdout]     | 
[INFO] [stdout]    ::: /opt/rustwide/cargo-home/registry/src/github.com-1ecc6299db9ec823/sp-runtime-2.0.0-rc6/src/traits.rs:546:1
[INFO] [stdout]     |
[INFO] [stdout] 546 | pub trait Block: Clone + Send + Sync + Codec + Eq + MaybeSerialize + Debug + MaybeMallocSizeOf + 'static {
[INFO] [stdout]     | -------------------------------------------------------------------------------------------------------- similarly named trait `BlockT` defined here
[INFO] [stdout]     |
[INFO] [stdout] help: a trait with a similar name exists
[INFO] [stdout]     |
[INFO] [stdout] 651 |         msg: CommunicationIn<BlockT>,
[INFO] [stdout]     |                              ^^^^^^
[INFO] [stdout] help: consider importing one of these items
[INFO] [stdout]     |
[INFO] [stdout] 547 |     use sp_runtime::generic::Block;
[INFO] [stdout]     |
[INFO] [stdout] 547 |     use sp_runtime::testing::Block;
[INFO] [stdout]     |
[INFO] [stdout] 547 |     use sp_runtime::traits::Block;
[INFO] [stdout]     |
[INFO] [stdout] 
[INFO] [stdout] 
[INFO] [stdout] error[E0412]: cannot find type `Block` in this scope
[INFO] [stdout]    --> src/until_imported.rs:653:23
[INFO] [stdout]     |
[INFO] [stdout] 653 |     ) -> CommunicationIn<Block> where
[INFO] [stdout]     |                          ^^^^^
[INFO] [stdout]     | 
[INFO] [stdout]    ::: /opt/rustwide/cargo-home/registry/src/github.com-1ecc6299db9ec823/sp-runtime-2.0.0-rc6/src/traits.rs:546:1
[INFO] [stdout]     |
[INFO] [stdout] 546 | pub trait Block: Clone + Send + Sync + Codec + Eq + MaybeSerialize + Debug + MaybeMallocSizeOf + 'static {
[INFO] [stdout]     | -------------------------------------------------------------------------------------------------------- similarly named trait `BlockT` defined here
[INFO] [stdout]     |
[INFO] [stdout] help: a trait with a similar name exists
[INFO] [stdout]     |
[INFO] [stdout] 653 |     ) -> CommunicationIn<BlockT> where
[INFO] [stdout]     |                          ^^^^^^
[INFO] [stdout] help: consider importing one of these items
[INFO] [stdout]     |
[INFO] [stdout] 547 |     use sp_runtime::generic::Block;
[INFO] [stdout]     |
[INFO] [stdout] 547 |     use sp_runtime::testing::Block;
[INFO] [stdout]     |
[INFO] [stdout] 547 |     use sp_runtime::traits::Block;
[INFO] [stdout]     |
[INFO] [stdout] 
[INFO] [stdout] 
[INFO] [stdout] error[E0412]: cannot find type `Block` in this scope
[INFO] [stdout]    --> src/until_imported.rs:681:24
[INFO] [stdout]     |
[INFO] [stdout] 681 |         msg: CommunicationIn<Block>,
[INFO] [stdout]     |                              ^^^^^
[INFO] [stdout]     | 
[INFO] [stdout]    ::: /opt/rustwide/cargo-home/registry/src/github.com-1ecc6299db9ec823/sp-runtime-2.0.0-rc6/src/traits.rs:546:1
[INFO] [stdout]     |
[INFO] [stdout] 546 | pub trait Block: Clone + Send + Sync + Codec + Eq + MaybeSerialize + Debug + MaybeMallocSizeOf + 'static {
[INFO] [stdout]     | -------------------------------------------------------------------------------------------------------- similarly named trait `BlockT` defined here
[INFO] [stdout]     |
[INFO] [stdout] help: a trait with a similar name exists
[INFO] [stdout]     |
[INFO] [stdout] 681 |         msg: CommunicationIn<BlockT>,
[INFO] [stdout]     |                              ^^^^^^
[INFO] [stdout] help: consider importing one of these items
[INFO] [stdout]     |
[INFO] [stdout] 547 |     use sp_runtime::generic::Block;
[INFO] [stdout]     |
[INFO] [stdout] 547 |     use sp_runtime::testing::Block;
[INFO] [stdout]     |
[INFO] [stdout] 547 |     use sp_runtime::traits::Block;
[INFO] [stdout]     |
[INFO] [stdout] 
[INFO] [stdout] 
[INFO] [stdout] error[E0412]: cannot find type `Block` in this scope
[INFO] [stdout]    --> src/until_imported.rs:683:23
[INFO] [stdout]     |
[INFO] [stdout] 683 |     ) -> CommunicationIn<Block> where
[INFO] [stdout]     |                          ^^^^^
[INFO] [stdout]     | 
[INFO] [stdout]    ::: /opt/rustwide/cargo-home/registry/src/github.com-1ecc6299db9ec823/sp-runtime-2.0.0-rc6/src/traits.rs:546:1
[INFO] [stdout]     |
[INFO] [stdout] 546 | pub trait Block: Clone + Send + Sync + Codec + Eq + MaybeSerialize + Debug + MaybeMallocSizeOf + 'static {
[INFO] [stdout]     | -------------------------------------------------------------------------------------------------------- similarly named trait `BlockT` defined here
[INFO] [stdout]     |
[INFO] [stdout] help: a trait with a similar name exists
[INFO] [stdout]     |
[INFO] [stdout] 683 |     ) -> CommunicationIn<BlockT> where
[INFO] [stdout]     |                          ^^^^^^
[INFO] [stdout] help: consider importing one of these items
[INFO] [stdout]     |
[INFO] [stdout] 547 |     use sp_runtime::generic::Block;
[INFO] [stdout]     |
[INFO] [stdout] 547 |     use sp_runtime::testing::Block;
[INFO] [stdout]     |
[INFO] [stdout] 547 |     use sp_runtime::traits::Block;
[INFO] [stdout]     |
[INFO] [stdout] 
[INFO] [stdout] 
[INFO] [stdout] error[E0412]: cannot find type `Block` in this scope
[INFO] [stdout]    --> src/until_imported.rs:725:40
[INFO] [stdout]     |
[INFO] [stdout] 725 |         let unknown_commit = CompactCommit::<Block> {
[INFO] [stdout]     |                                              ^^^^^
[INFO] [stdout]     | 
[INFO] [stdout]    ::: /opt/rustwide/cargo-home/registry/src/github.com-1ecc6299db9ec823/sp-runtime-2.0.0-rc6/src/traits.rs:546:1
[INFO] [stdout]     |
[INFO] [stdout] 546 | pub trait Block: Clone + Send + Sync + Codec + Eq + MaybeSerialize + Debug + MaybeMallocSizeOf + 'static {
[INFO] [stdout]     | -------------------------------------------------------------------------------------------------------- similarly named trait `BlockT` defined here
[INFO] [stdout]     |
[INFO] [stdout] help: a trait with a similar name exists
[INFO] [stdout]     |
[INFO] [stdout] 725 |         let unknown_commit = CompactCommit::<BlockT> {
[INFO] [stdout]     |                                              ^^^^^^
[INFO] [stdout] help: consider importing one of these items
[INFO] [stdout]     |
[INFO] [stdout] 547 |     use sp_runtime::generic::Block;
[INFO] [stdout]     |
[INFO] [stdout] 547 |     use sp_runtime::testing::Block;
[INFO] [stdout]     |
[INFO] [stdout] 547 |     use sp_runtime::traits::Block;
[INFO] [stdout]     |
[INFO] [stdout] 
[INFO] [stdout] 
[INFO] [stdout] error[E0412]: cannot find type `Block` in this scope
[INFO] [stdout]    --> src/until_imported.rs:768:38
[INFO] [stdout]     |
[INFO] [stdout] 768 |         let known_commit = CompactCommit::<Block> {
[INFO] [stdout]     |                                            ^^^^^
[INFO] [stdout]     | 
[INFO] [stdout]    ::: /opt/rustwide/cargo-home/registry/src/github.com-1ecc6299db9ec823/sp-runtime-2.0.0-rc6/src/traits.rs:546:1
[INFO] [stdout]     |
[INFO] [stdout] 546 | pub trait Block: Clone + Send + Sync + Codec + Eq + MaybeSerialize + Debug + MaybeMallocSizeOf + 'static {
[INFO] [stdout]     | -------------------------------------------------------------------------------------------------------- similarly named trait `BlockT` defined here
[INFO] [stdout]     |
[INFO] [stdout] help: a trait with a similar name exists
[INFO] [stdout]     |
[INFO] [stdout] 768 |         let known_commit = CompactCommit::<BlockT> {
[INFO] [stdout]     |                                            ^^^^^^
[INFO] [stdout] help: consider importing one of these items
[INFO] [stdout]     |
[INFO] [stdout] 547 |     use sp_runtime::generic::Block;
[INFO] [stdout]     |
[INFO] [stdout] 547 |     use sp_runtime::testing::Block;
[INFO] [stdout]     |
[INFO] [stdout] 547 |     use sp_runtime::traits::Block;
[INFO] [stdout]     |
[INFO] [stdout] 
[INFO] [stdout] 
[INFO] [stdout] error[E0412]: cannot find type `Header` in this scope
[INFO] [stdout]    --> src/until_imported.rs:811:34
[INFO] [stdout]     |
[INFO] [stdout] 811 |           let signed_prevote = |header: &Header| {
[INFO] [stdout]     |                                          ^^^^^^
[INFO] [stdout]     | 
[INFO] [stdout]    ::: /opt/rustwide/cargo-home/registry/src/github.com-1ecc6299db9ec823/sp-runtime-2.0.0-rc6/src/traits.rs:488:1
[INFO] [stdout]     |
[INFO] [stdout] 488 | / pub trait Header:
[INFO] [stdout] 489 | |     Clone + Send + Sync + Codec + Eq + MaybeSerialize + Debug +
[INFO] [stdout] 490 | |     MaybeMallocSizeOf + 'static
[INFO] [stdout] 491 | | {
[INFO] [stdout] ...   |
[INFO] [stdout] 539 | |     }
[INFO] [stdout] 540 | | }
[INFO] [stdout]     | |_- similarly named trait `HeaderT` defined here
[INFO] [stdout]     |
[INFO] [stdout] help: a trait with a similar name exists
[INFO] [stdout]     |
[INFO] [stdout] 811 |         let signed_prevote = |header: &HeaderT| {
[INFO] [stdout]     |                                        ^^^^^^^
[INFO] [stdout] help: consider importing one of these items
[INFO] [stdout]     |
[INFO] [stdout] 547 |     use crate::voting_rule::Header;
[INFO] [stdout]     |
[INFO] [stdout] 547 |     use sp_runtime::generic::Header;
[INFO] [stdout]     |
[INFO] [stdout] 547 |     use sp_runtime::testing::Header;
[INFO] [stdout]     |
[INFO] [stdout] 547 |     use sp_runtime::traits::Header;
[INFO] [stdout]     |
[INFO] [stdout] 
[INFO] [stdout] 
[INFO] [stdout] error[E0412]: cannot find type `Header` in this scope
[INFO] [stdout]    --> src/until_imported.rs:822:36
[INFO] [stdout]     |
[INFO] [stdout] 822 |           let signed_precommit = |header: &Header| {
[INFO] [stdout]     |                                            ^^^^^^
[INFO] [stdout]     | 
[INFO] [stdout]    ::: /opt/rustwide/cargo-home/registry/src/github.com-1ecc6299db9ec823/sp-runtime-2.0.0-rc6/src/traits.rs:488:1
[INFO] [stdout]     |
[INFO] [stdout] 488 | / pub trait Header:
[INFO] [stdout] 489 | |     Clone + Send + Sync + Codec + Eq + MaybeSerialize + Debug +
[INFO] [stdout] 490 | |     MaybeMallocSizeOf + 'static
[INFO] [stdout] 491 | | {
[INFO] [stdout] ...   |
[INFO] [stdout] 539 | |     }
[INFO] [stdout] 540 | | }
[INFO] [stdout]     | |_- similarly named trait `HeaderT` defined here
[INFO] [stdout]     |
[INFO] [stdout] help: a trait with a similar name exists
[INFO] [stdout]     |
[INFO] [stdout] 822 |         let signed_precommit = |header: &HeaderT| {
[INFO] [stdout]     |                                          ^^^^^^^
[INFO] [stdout] help: consider importing one of these items
[INFO] [stdout]     |
[INFO] [stdout] 547 |     use crate::voting_rule::Header;
[INFO] [stdout]     |
[INFO] [stdout] 547 |     use sp_runtime::generic::Header;
[INFO] [stdout]     |
[INFO] [stdout] 547 |     use sp_runtime::testing::Header;
[INFO] [stdout]     |
[INFO] [stdout] 547 |     use sp_runtime::traits::Header;
[INFO] [stdout]     |
[INFO] [stdout] 
[INFO] [stdout] 
[INFO] [stdout] error[E0412]: cannot find type `Header` in this scope
[INFO] [stdout]    --> src/until_imported.rs:877:34
[INFO] [stdout]     |
[INFO] [stdout] 877 |           let signed_prevote = |header: &Header| {
[INFO] [stdout]     |                                          ^^^^^^
[INFO] [stdout]     | 
[INFO] [stdout]    ::: /opt/rustwide/cargo-home/registry/src/github.com-1ecc6299db9ec823/sp-runtime-2.0.0-rc6/src/traits.rs:488:1
[INFO] [stdout]     |
[INFO] [stdout] 488 | / pub trait Header:
[INFO] [stdout] 489 | |     Clone + Send + Sync + Codec + Eq + MaybeSerialize + Debug +
[INFO] [stdout] 490 | |     MaybeMallocSizeOf + 'static
[INFO] [stdout] 491 | | {
[INFO] [stdout] ...   |
[INFO] [stdout] 539 | |     }
[INFO] [stdout] 540 | | }
[INFO] [stdout]     | |_- similarly named trait `HeaderT` defined here
[INFO] [stdout]     |
[INFO] [stdout] help: a trait with a similar name exists
[INFO] [stdout]     |
[INFO] [stdout] 877 |         let signed_prevote = |header: &HeaderT| {
[INFO] [stdout]     |                                        ^^^^^^^
[INFO] [stdout] help: consider importing one of these items
[INFO] [stdout]     |
[INFO] [stdout] 547 |     use crate::voting_rule::Header;
[INFO] [stdout]     |
[INFO] [stdout] 547 |     use sp_runtime::generic::Header;
[INFO] [stdout]     |
[INFO] [stdout] 547 |     use sp_runtime::testing::Header;
[INFO] [stdout]     |
[INFO] [stdout] 547 |     use sp_runtime::traits::Header;
[INFO] [stdout]     |
[INFO] [stdout] 
[INFO] [stdout] 
[INFO] [stdout] error[E0412]: cannot find type `Header` in this scope
[INFO] [stdout]    --> src/until_imported.rs:888:36
[INFO] [stdout]     |
[INFO] [stdout] 888 |           let signed_precommit = |header: &Header| {
[INFO] [stdout]     |                                            ^^^^^^
[INFO] [stdout]     | 
[INFO] [stdout]    ::: /opt/rustwide/cargo-home/registry/src/github.com-1ecc6299db9ec823/sp-runtime-2.0.0-rc6/src/traits.rs:488:1
[INFO] [stdout]     |
[INFO] [stdout] 488 | / pub trait Header:
[INFO] [stdout] 489 | |     Clone + Send + Sync + Codec + Eq + MaybeSerialize + Debug +
[INFO] [stdout] 490 | |     MaybeMallocSizeOf + 'static
[INFO] [stdout] 491 | | {
[INFO] [stdout] ...   |
[INFO] [stdout] 539 | |     }
[INFO] [stdout] 540 | | }
[INFO] [stdout]     | |_- similarly named trait `HeaderT` defined here
[INFO] [stdout]     |
[INFO] [stdout] help: a trait with a similar name exists
[INFO] [stdout]     |
[INFO] [stdout] 888 |         let signed_precommit = |header: &HeaderT| {
[INFO] [stdout]     |                                          ^^^^^^^
[INFO] [stdout] help: consider importing one of these items
[INFO] [stdout]     |
[INFO] [stdout] 547 |     use crate::voting_rule::Header;
[INFO] [stdout]     |
[INFO] [stdout] 547 |     use sp_runtime::generic::Header;
[INFO] [stdout]     |
[INFO] [stdout] 547 |     use sp_runtime::testing::Header;
[INFO] [stdout]     |
[INFO] [stdout] 547 |     use sp_runtime::traits::Header;
[INFO] [stdout]     |
[INFO] [stdout] 
[INFO] [stdout] 
[INFO] [stdout] error[E0412]: cannot find type `Block` in this scope
[INFO] [stdout]    --> src/until_imported.rs:961:40
[INFO] [stdout]     |
[INFO] [stdout] 961 |         let unknown_commit = CompactCommit::<Block> {
[INFO] [stdout]     |                                              ^^^^^
[INFO] [stdout]     | 
[INFO] [stdout]    ::: /opt/rustwide/cargo-home/registry/src/github.com-1ecc6299db9ec823/sp-runtime-2.0.0-rc6/src/traits.rs:546:1
[INFO] [stdout]     |
[INFO] [stdout] 546 | pub trait Block: Clone + Send + Sync + Codec + Eq + MaybeSerialize + Debug + MaybeMallocSizeOf + 'static {
[INFO] [stdout]     | -------------------------------------------------------------------------------------------------------- similarly named trait `BlockT` defined here
[INFO] [stdout]     |
[INFO] [stdout] help: a trait with a similar name exists
[INFO] [stdout]     |
[INFO] [stdout] 961 |         let unknown_commit = CompactCommit::<BlockT> {
[INFO] [stdout]     |                                              ^^^^^^
[INFO] [stdout] help: consider importing one of these items
[INFO] [stdout]     |
[INFO] [stdout] 547 |     use sp_runtime::generic::Block;
[INFO] [stdout]     |
[INFO] [stdout] 547 |     use sp_runtime::testing::Block;
[INFO] [stdout]     |
[INFO] [stdout] 547 |     use sp_runtime::traits::Block;
[INFO] [stdout]     |
[INFO] [stdout] 
[INFO] [stdout] 
[INFO] [stdout] error[E0412]: cannot find type `Block` in this scope
[INFO] [stdout]     --> src/until_imported.rs:1014:57
[INFO] [stdout]      |
[INFO] [stdout] 1014 |     fn test_catch_up() -> Arc<Mutex<Option<CommunicationIn<Block>>>> {
[INFO] [stdout]      |                                                            ^^^^^
[INFO] [stdout]      | 
[INFO] [stdout]     ::: /opt/rustwide/cargo-home/registry/src/github.com-1ecc6299db9ec823/sp-runtime-2.0.0-rc6/src/traits.rs:546:1
[INFO] [stdout]      |
[INFO] [stdout] 546  | pub trait Block: Clone + Send + Sync + Codec + Eq + MaybeSerialize + Debug + MaybeMallocSizeOf + 'static {
[INFO] [stdout]      | -------------------------------------------------------------------------------------------------------- similarly named trait `BlockT` defined here
[INFO] [stdout]      |
[INFO] [stdout] help: a trait with a similar name exists
[INFO] [stdout]      |
[INFO] [stdout] 1014 |     fn test_catch_up() -> Arc<Mutex<Option<CommunicationIn<BlockT>>>> {
[INFO] [stdout]      |                                                            ^^^^^^
[INFO] [stdout] help: consider importing one of these items
[INFO] [stdout]      |
[INFO] [stdout] 547  |     use sp_runtime::generic::Block;
[INFO] [stdout]      |
[INFO] [stdout] 547  |     use sp_runtime::testing::Block;
[INFO] [stdout]      |
[INFO] [stdout] 547  |     use sp_runtime::traits::Block;
[INFO] [stdout]      |
[INFO] [stdout] 
[INFO] [stdout] 
[INFO] [stdout] error[E0412]: cannot find type `Block` in this scope
[INFO] [stdout]     --> src/until_imported.rs:1037:46
[INFO] [stdout]      |
[INFO] [stdout] 1037 |         let waiting_block_1 = BlockGlobalMessage::<Block> {
[INFO] [stdout]      |                                                    ^^^^^
[INFO] [stdout]      | 
[INFO] [stdout]     ::: /opt/rustwide/cargo-home/registry/src/github.com-1ecc6299db9ec823/sp-runtime-2.0.0-rc6/src/traits.rs:546:1
[INFO] [stdout]      |
[INFO] [stdout] 546  | pub trait Block: Clone + Send + Sync + Codec + Eq + MaybeSerialize + Debug + MaybeMallocSizeOf + 'static {
[INFO] [stdout]      | -------------------------------------------------------------------------------------------------------- similarly named trait `BlockT` defined here
[INFO] [stdout]      |
[INFO] [stdout] help: a trait with a similar name exists
[INFO] [stdout]      |
[INFO] [stdout] 1037 |         let waiting_block_1 = BlockGlobalMessage::<BlockT> {
[INFO] [stdout]      |                                                    ^^^^^^
[INFO] [stdout] help: consider importing one of these items
[INFO] [stdout]      |
[INFO] [stdout] 547  |     use sp_runtime::generic::Block;
[INFO] [stdout]      |
[INFO] [stdout] 547  |     use sp_runtime::testing::Block;
[INFO] [stdout]      |
[INFO] [stdout] 547  |     use sp_runtime::traits::Block;
[INFO] [stdout]      |
[INFO] [stdout] 
[INFO] [stdout] 
[INFO] [stdout] error[E0412]: cannot find type `Block` in this scope
[INFO] [stdout]     --> src/until_imported.rs:1042:46
[INFO] [stdout]      |
[INFO] [stdout] 1042 |         let waiting_block_2 = BlockGlobalMessage::<Block> {
[INFO] [stdout]      |                                                    ^^^^^
[INFO] [stdout]      | 
[INFO] [stdout]     ::: /opt/rustwide/cargo-home/registry/src/github.com-1ecc6299db9ec823/sp-runtime-2.0.0-rc6/src/traits.rs:546:1
[INFO] [stdout]      |
[INFO] [stdout] 546  | pub trait Block: Clone + Send + Sync + Codec + Eq + MaybeSerialize + Debug + MaybeMallocSizeOf + 'static {
[INFO] [stdout]      | -------------------------------------------------------------------------------------------------------- similarly named trait `BlockT` defined here
[INFO] [stdout]      |
[INFO] [stdout] help: a trait with a similar name exists
[INFO] [stdout]      |
[INFO] [stdout] 1042 |         let waiting_block_2 = BlockGlobalMessage::<BlockT> {
[INFO] [stdout]      |                                                    ^^^^^^
[INFO] [stdout] help: consider importing one of these items
[INFO] [stdout]      |
[INFO] [stdout] 547  |     use sp_runtime::generic::Block;
[INFO] [stdout]      |
[INFO] [stdout] 547  |     use sp_runtime::testing::Block;
[INFO] [stdout]      |
[INFO] [stdout] 547  |     use sp_runtime::traits::Block;
[INFO] [stdout]      |
[INFO] [stdout] 
[INFO] [stdout] 
[INFO] [stdout] error[E0412]: cannot find type `Block` in this scope
[INFO] [stdout]     --> src/until_imported.rs:1059:46
[INFO] [stdout]      |
[INFO] [stdout] 1059 |         let waiting_block_1 = BlockGlobalMessage::<Block> {
[INFO] [stdout]      |                                                    ^^^^^
[INFO] [stdout]      | 
[INFO] [stdout]     ::: /opt/rustwide/cargo-home/registry/src/github.com-1ecc6299db9ec823/sp-runtime-2.0.0-rc6/src/traits.rs:546:1
[INFO] [stdout]      |
[INFO] [stdout] 546  | pub trait Block: Clone + Send + Sync + Codec + Eq + MaybeSerialize + Debug + MaybeMallocSizeOf + 'static {
[INFO] [stdout]      | -------------------------------------------------------------------------------------------------------- similarly named trait `BlockT` defined here
[INFO] [stdout]      |
[INFO] [stdout] help: a trait with a similar name exists
[INFO] [stdout]      |
[INFO] [stdout] 1059 |         let waiting_block_1 = BlockGlobalMessage::<BlockT> {
[INFO] [stdout]      |                                                    ^^^^^^
[INFO] [stdout] help: consider importing one of these items
[INFO] [stdout]      |
[INFO] [stdout] 547  |     use sp_runtime::generic::Block;
[INFO] [stdout]      |
[INFO] [stdout] 547  |     use sp_runtime::testing::Block;
[INFO] [stdout]      |
[INFO] [stdout] 547  |     use sp_runtime::traits::Block;
[INFO] [stdout]      |
[INFO] [stdout] 
[INFO] [stdout] 
[INFO] [stdout] error[E0412]: cannot find type `Block` in this scope
[INFO] [stdout]     --> src/until_imported.rs:1064:46
[INFO] [stdout]      |
[INFO] [stdout] 1064 |         let waiting_block_2 = BlockGlobalMessage::<Block> {
[INFO] [stdout]      |                                                    ^^^^^
[INFO] [stdout]      | 
[INFO] [stdout]     ::: /opt/rustwide/cargo-home/registry/src/github.com-1ecc6299db9ec823/sp-runtime-2.0.0-rc6/src/traits.rs:546:1
[INFO] [stdout]      |
[INFO] [stdout] 546  | pub trait Block: Clone + Send + Sync + Codec + Eq + MaybeSerialize + Debug + MaybeMallocSizeOf + 'static {
[INFO] [stdout]      | -------------------------------------------------------------------------------------------------------- similarly named trait `BlockT` defined here
[INFO] [stdout]      |
[INFO] [stdout] help: a trait with a similar name exists
[INFO] [stdout]      |
[INFO] [stdout] 1064 |         let waiting_block_2 = BlockGlobalMessage::<BlockT> {
[INFO] [stdout]      |                                                    ^^^^^^
[INFO] [stdout] help: consider importing one of these items
[INFO] [stdout]      |
[INFO] [stdout] 547  |     use sp_runtime::generic::Block;
[INFO] [stdout]      |
[INFO] [stdout] 547  |     use sp_runtime::testing::Block;
[INFO] [stdout]      |
[INFO] [stdout] 547  |     use sp_runtime::traits::Block;
[INFO] [stdout]      |
[INFO] [stdout] 
[INFO] [stdout] 
[INFO] [stdout] error[E0412]: cannot find type `BlockNumber` in this scope
[INFO] [stdout]    --> src/tests.rs:215:49
[INFO] [stdout]     |
[INFO] [stdout] 215 |               _equivocation_proof: EquivocationProof<Hash, BlockNumber>,
[INFO] [stdout]     |                                                            ^^^^^^^^^^^
[INFO] [stdout]     | 
[INFO] [stdout]    ::: /opt/rustwide/cargo-home/registry/src/github.com-1ecc6299db9ec823/finality-grandpa-0.12.3/src/lib.rs:162:1
[INFO] [stdout]     |
[INFO] [stdout] 162 | / pub trait BlockNumberOps:
[INFO] [stdout] 163 | |     std::fmt::Debug +
[INFO] [stdout] 164 | |     std::cmp::Ord +
[INFO] [stdout] 165 | |     std::ops::Add<Output=Self> +
[INFO] [stdout] ...   |
[INFO] [stdout] 169 | |     num::AsPrimitive<usize>
[INFO] [stdout] 170 | | {}
[INFO] [stdout]     | |__- similarly named trait `BlockNumberOps` defined here
[INFO] [stdout]     |
[INFO] [stdout] help: a trait with a similar name exists
[INFO] [stdout]     |
[INFO] [stdout] 215 |             _equivocation_proof: EquivocationProof<Hash, BlockNumberOps>,
[INFO] [stdout]     |                                                          ^^^^^^^^^^^^^^
[INFO] [stdout] help: you might be missing a type parameter
[INFO] [stdout]     |
[INFO] [stdout] 207 |     impl<BlockNumber> GrandpaApi<Block> for RuntimeApi {
[INFO] [stdout]     |         ^^^^^^^^^^^^^
[INFO] [stdout] 
[INFO] [stdout] 
[INFO] [stdout] error[E0412]: cannot find type `Runtime` in this scope
[INFO] [stdout]    --> src/tests.rs:288:102
[INFO] [stdout]     |
[INFO] [stdout] 288 | fn block_until_complete(future: impl Future + Unpin, net: &Arc<Mutex<GrandpaTestNet>>, runtime: &mut Runtime) {
[INFO] [stdout]     |                                                                                                      ^^^^^^^ not found in this scope
[INFO] [stdout] 
[INFO] [stdout] 
[INFO] [stdout] error[E0412]: cannot find type `Handle` in this scope
[INFO] [stdout]    --> src/tests.rs:306:12
[INFO] [stdout]     |
[INFO] [stdout] 306 |     F: FnOnce(Handle) -> Option<Pin<Box<dyn Future<Output = ()>>>>
[INFO] [stdout]     |               ^^^^^^ not found in this scope
[INFO] [stdout] 
[INFO] [stdout] 
[INFO] [stdout] error[E0412]: cannot find type `Runtime` in this scope
[INFO] [stdout]    --> src/tests.rs:300:16
[INFO] [stdout]     |
[INFO] [stdout] 300 |     runtime: &mut Runtime,
[INFO] [stdout]     |                   ^^^^^^^ not found in this scope
[INFO] [stdout] 
[INFO] [stdout] 
[INFO] [stdout] error[E0412]: cannot find type `Runtime` in this scope
[INFO] [stdout]    --> src/tests.rs:383:16
[INFO] [stdout]     |
[INFO] [stdout] 383 |     runtime: &mut Runtime,
[INFO] [stdout]     |                   ^^^^^^^ not found in this scope
[INFO] [stdout] 
[INFO] [stdout] 
[INFO] [stdout] error[E0412]: cannot find type `BlockNumber` in this scope
[INFO] [stdout]    --> src/tests.rs:391:68
[INFO] [stdout]     |
[INFO] [stdout] 391 |   fn add_scheduled_change(block: &mut Block, change: ScheduledChange<BlockNumber>) {
[INFO] [stdout]     |                                                                      ^^^^^^^^^^^
[INFO] [stdout]     | 
[INFO] [stdout]    ::: /opt/rustwide/cargo-home/registry/src/github.com-1ecc6299db9ec823/finality-grandpa-0.12.3/src/lib.rs:162:1
[INFO] [stdout]     |
[INFO] [stdout] 162 | / pub trait BlockNumberOps:
[INFO] [stdout] 163 | |     std::fmt::Debug +
[INFO] [stdout] 164 | |     std::cmp::Ord +
[INFO] [stdout] 165 | |     std::ops::Add<Output=Self> +
[INFO] [stdout] ...   |
[INFO] [stdout] 169 | |     num::AsPrimitive<usize>
[INFO] [stdout] 170 | | {}
[INFO] [stdout]     | |__- similarly named trait `BlockNumberOps` defined here
[INFO] [stdout]     |
[INFO] [stdout] help: a trait with a similar name exists
[INFO] [stdout]     |
[INFO] [stdout] 391 | fn add_scheduled_change(block: &mut Block, change: ScheduledChange<BlockNumberOps>) {
[INFO] [stdout]     |                                                                    ^^^^^^^^^^^^^^
[INFO] [stdout] help: you might be missing a type parameter
[INFO] [stdout]     |
[INFO] [stdout] 391 | fn add_scheduled_change<BlockNumber>(block: &mut Block, change: ScheduledChange<BlockNumber>) {
[INFO] [stdout]     |                        ^^^^^^^^^^^^^
[INFO] [stdout] 
[INFO] [stdout] 
[INFO] [stdout] error[E0412]: cannot find type `BlockNumber` in this scope
[INFO] [stdout]    --> src/tests.rs:400:25
[INFO] [stdout]     |
[INFO] [stdout] 400 |       median_last_finalized: BlockNumber,
[INFO] [stdout]     |                              ^^^^^^^^^^^ help: a trait with a similar name exists: `BlockNumberOps`
[INFO] [stdout]     | 
[INFO] [stdout]    ::: /opt/rustwide/cargo-home/registry/src/github.com-1ecc6299db9ec823/finality-grandpa-0.12.3/src/lib.rs:162:1
[INFO] [stdout]     |
[INFO] [stdout] 162 | / pub trait BlockNumberOps:
[INFO] [stdout] 163 | |     std::fmt::Debug +
[INFO] [stdout] 164 | |     std::cmp::Ord +
[INFO] [stdout] 165 | |     std::ops::Add<Output=Self> +
[INFO] [stdout] ...   |
[INFO] [stdout] 169 | |     num::AsPrimitive<usize>
[INFO] [stdout] 170 | | {}
[INFO] [stdout]     | |__- similarly named trait `BlockNumberOps` defined here
[INFO] [stdout] 
[INFO] [stdout] 
[INFO] [stdout] error[E0412]: cannot find type `BlockNumber` in this scope
[INFO] [stdout]    --> src/tests.rs:401:26
[INFO] [stdout]     |
[INFO] [stdout] 401 |       change: ScheduledChange<BlockNumber>,
[INFO] [stdout]     |                               ^^^^^^^^^^^
[INFO] [stdout]     | 
[INFO] [stdout]    ::: /opt/rustwide/cargo-home/registry/src/github.com-1ecc6299db9ec823/finality-grandpa-0.12.3/src/lib.rs:162:1
[INFO] [stdout]     |
[INFO] [stdout] 162 | / pub trait BlockNumberOps:
[INFO] [stdout] 163 | |     std::fmt::Debug +
[INFO] [stdout] 164 | |     std::cmp::Ord +
[INFO] [stdout] 165 | |     std::ops::Add<Output=Self> +
[INFO] [stdout] ...   |
[INFO] [stdout] 169 | |     num::AsPrimitive<usize>
[INFO] [stdout] 170 | | {}
[INFO] [stdout]     | |__- similarly named trait `BlockNumberOps` defined here
[INFO] [stdout]     |
[INFO] [stdout] help: a trait with a similar name exists
[INFO] [stdout]     |
[INFO] [stdout] 401 |     change: ScheduledChange<BlockNumberOps>,
[INFO] [stdout]     |                             ^^^^^^^^^^^^^^
[INFO] [stdout] help: you might be missing a type parameter
[INFO] [stdout]     |
[INFO] [stdout] 398 | fn add_forced_change<BlockNumber>(
[INFO] [stdout]     |                     ^^^^^^^^^^^^^
[INFO] [stdout] 
[INFO] [stdout] 
[INFO] [stdout] error[E0412]: cannot find type `BlockNumber` in this scope
[INFO] [stdout]    --> src/tests.rs:552:31
[INFO] [stdout]     |
[INFO] [stdout] 552 |           let set: AuthoritySet<Hash, BlockNumber> = crate::aux_schema::load_authorities(&*full_client).unwrap();
[INFO] [stdout]     |                                       ^^^^^^^^^^^
[INFO] [stdout]     | 
[INFO] [stdout]    ::: /opt/rustwide/cargo-home/registry/src/github.com-1ecc6299db9ec823/finality-grandpa-0.12.3/src/lib.rs:162:1
[INFO] [stdout]     |
[INFO] [stdout] 162 | / pub trait BlockNumberOps:
[INFO] [stdout] 163 | |     std::fmt::Debug +
[INFO] [stdout] 164 | |     std::cmp::Ord +
[INFO] [stdout] 165 | |     std::ops::Add<Output=Self> +
[INFO] [stdout] ...   |
[INFO] [stdout] 169 | |     num::AsPrimitive<usize>
[INFO] [stdout] 170 | | {}
[INFO] [stdout]     | |__- similarly named trait `BlockNumberOps` defined here
[INFO] [stdout]     |
[INFO] [stdout] help: a trait with a similar name exists
[INFO] [stdout]     |
[INFO] [stdout] 552 |         let set: AuthoritySet<Hash, BlockNumberOps> = crate::aux_schema::load_authorities(&*full_client).unwrap();
[INFO] [stdout]     |                                     ^^^^^^^^^^^^^^
[INFO] [stdout] help: you might be missing a type parameter
[INFO] [stdout]     |
[INFO] [stdout] 515 | fn transition_3_voters_twice_1_full_observer<BlockNumber>() {
[INFO] [stdout]     |                                             ^^^^^^^^^^^^^
[INFO] [stdout] 
[INFO] [stdout] 
[INFO] [stdout] error[E0412]: cannot find type `BlockNumber` in this scope
[INFO] [stdout]    --> src/tests.rs:639:34
[INFO] [stdout]     |
[INFO] [stdout] 639 |                       let set: AuthoritySet<Hash, BlockNumber> = crate::aux_schema::load_authorities(&*full_client).unwrap();
[INFO] [stdout]     |                                                   ^^^^^^^^^^^
[INFO] [stdout]     | 
[INFO] [stdout]    ::: /opt/rustwide/cargo-home/registry/src/github.com-1ecc6299db9ec823/finality-grandpa-0.12.3/src/lib.rs:162:1
[INFO] [stdout]     |
[INFO] [stdout] 162 | / pub trait BlockNumberOps:
[INFO] [stdout] 163 | |     std::fmt::Debug +
[INFO] [stdout] 164 | |     std::cmp::Ord +
[INFO] [stdout] 165 | |     std::ops::Add<Output=Self> +
[INFO] [stdout] ...   |
[INFO] [stdout] 169 | |     num::AsPrimitive<usize>
[INFO] [stdout] 170 | | {}
[INFO] [stdout]     | |__- similarly named trait `BlockNumberOps` defined here
[INFO] [stdout]     |
[INFO] [stdout] help: a trait with a similar name exists
[INFO] [stdout]     |
[INFO] [stdout] 639 |                     let set: AuthoritySet<Hash, BlockNumberOps> = crate::aux_schema::load_authorities(&*full_client).unwrap();
[INFO] [stdout]     |                                                 ^^^^^^^^^^^^^^
[INFO] [stdout] help: you might be missing a type parameter
[INFO] [stdout]     |
[INFO] [stdout] 515 | fn transition_3_voters_twice_1_full_observer<BlockNumber>() {
[INFO] [stdout]     |                                             ^^^^^^^^^^^^^
[INFO] [stdout] 
[INFO] [stdout] 
[INFO] [stdout] error[E0433]: failed to resolve: use of undeclared type or module `sp_consensus_babe`
[INFO] [stdout]    --> src/tests.rs:681:48
[INFO] [stdout]     |
[INFO] [stdout] 681 |     let new_authorities = vec![sp_consensus_babe::AuthorityId::from_slice(&[42; 32])];
[INFO] [stdout]     |                                                   ^^^^^^^^^^^ not found in `sp_consensus_babe`
[INFO] [stdout]     |
[INFO] [stdout] help: consider importing one of these items
[INFO] [stdout]     |
[INFO] [stdout] 21  | use crate::AuthorityId;
[INFO] [stdout]     |
[INFO] [stdout] 21  | use sp_finality_grandpa::AuthorityId;
[INFO] [stdout]     |
[INFO] [stdout] 
[INFO] [stdout] 
[INFO] [stdout] error[E0412]: cannot find type `BlockNumber` in this scope
[INFO] [stdout]    --> src/tests.rs:889:31
[INFO] [stdout]     |
[INFO] [stdout] 889 |           let set: AuthoritySet<Hash, BlockNumber> = crate::aux_schema::load_authorities(&*full_client).unwrap();
[INFO] [stdout]     |                                       ^^^^^^^^^^^
[INFO] [stdout]     | 
[INFO] [stdout]    ::: /opt/rustwide/cargo-home/registry/src/github.com-1ecc6299db9ec823/finality-grandpa-0.12.3/src/lib.rs:162:1
[INFO] [stdout]     |
[INFO] [stdout] 162 | / pub trait BlockNumberOps:
[INFO] [stdout] 163 | |     std::fmt::Debug +
[INFO] [stdout] 164 | |     std::cmp::Ord +
[INFO] [stdout] 165 | |     std::ops::Add<Output=Self> +
[INFO] [stdout] ...   |
[INFO] [stdout] 169 | |     num::AsPrimitive<usize>
[INFO] [stdout] 170 | | {}
[INFO] [stdout]     | |__- similarly named trait `BlockNumberOps` defined here
[INFO] [stdout]     |
[INFO] [stdout] help: a trait with a similar name exists
[INFO] [stdout]     |
[INFO] [stdout] 889 |         let set: AuthoritySet<Hash, BlockNumberOps> = crate::aux_schema::load_authorities(&*full_client).unwrap();
[INFO] [stdout]     |                                     ^^^^^^^^^^^^^^
[INFO] [stdout] help: you might be missing a type parameter
[INFO] [stdout]     |
[INFO] [stdout] 845 | fn force_change_to_new_set<BlockNumber>() {
[INFO] [stdout]     |                           ^^^^^^^^^^^^^
[INFO] [stdout] 
[INFO] [stdout] 
[INFO] [stdout] error[E0433]: failed to resolve: use of undeclared type or module `sp_consensus_babe`
[INFO] [stdout]     --> src/tests.rs:1318:68
[INFO] [stdout]      |
[INFO] [stdout] 1318 |     net.peer(0).push_authorities_change_block(vec![sp_consensus_babe::AuthorityId::from_slice(&[42; 32])]);
[INFO] [stdout]      |                                                                       ^^^^^^^^^^^ not found in `sp_consensus_babe`
[INFO] [stdout]      |
[INFO] [stdout] help: consider importing one of these items
[INFO] [stdout]      |
[INFO] [stdout] 21   | use crate::AuthorityId;
[INFO] [stdout]      |
[INFO] [stdout] 21   | use sp_finality_grandpa::AuthorityId;
[INFO] [stdout]      |
[INFO] [stdout] 
[INFO] [stdout] 
[INFO] [stdout] error[E0433]: failed to resolve: use of undeclared type or module `sp_consensus_babe`
[INFO] [stdout]     --> src/tests.rs:1382:27
[INFO] [stdout]      |
[INFO] [stdout] 1382 |         vec![sp_consensus_babe::AuthorityId::from_slice(&[42; 32])]
[INFO] [stdout]      |                                 ^^^^^^^^^^^ not found in `sp_consensus_babe`
[INFO] [stdout]      |
[INFO] [stdout] help: consider importing one of these items
[INFO] [stdout]      |
[INFO] [stdout] 21   | use crate::AuthorityId;
[INFO] [stdout]      |
[INFO] [stdout] 21   | use sp_finality_grandpa::AuthorityId;
[INFO] [stdout]      |
[INFO] [stdout] 
[INFO] [stdout] 
[INFO] [stdout] error: aborting due to 141 previous errors
[INFO] [stdout] 
[INFO] [stdout] 
[INFO] [stdout] Some errors have detailed explanations: E0412, E0422, E0432, E0433.
[INFO] [stdout] 
[INFO] [stdout] For more information about an error, try `rustc --explain E0412`.
[INFO] [stdout] 
[INFO] [stderr] error: could not compile `sc-finality-grandpa`.
[INFO] [stderr] 
[INFO] [stderr] To learn more, run the command again with --verbose.
[INFO] [stderr] warning: build failed, waiting for other jobs to finish...
[INFO] [stderr] error: build failed
[INFO] running `Command { std: "docker" "inspect" "402d2c764422f2e72bf83e48990e3dde57e14be1c83420b3b4d06d4d4a17be26", kill_on_drop: false }`
[INFO] running `Command { std: "docker" "rm" "-f" "402d2c764422f2e72bf83e48990e3dde57e14be1c83420b3b4d06d4d4a17be26", kill_on_drop: false }`
[INFO] [stdout] 402d2c764422f2e72bf83e48990e3dde57e14be1c83420b3b4d06d4d4a17be26
